Last updated on 2023-12-02 13:48:39 CET.
Flavor | Version | Tinstall | Tcheck | Ttotal | Status | Flags |
---|---|---|---|---|---|---|
r-devel-linux-x86_64-debian-clang | 0.7.0 | 64.39 | 392.40 | 456.79 | OK | |
r-devel-linux-x86_64-debian-gcc | 0.7.0 | 48.59 | 285.60 | 334.19 | OK | |
r-devel-linux-x86_64-fedora-clang | 0.7.0 | 584.26 | NOTE | |||
r-devel-linux-x86_64-fedora-gcc | 0.7.0 | 589.23 | NOTE | |||
r-devel-windows-x86_64 | 0.7.0 | 49.00 | 268.00 | 317.00 | NOTE | |
r-patched-linux-x86_64 | 0.7.0 | 42.85 | 372.23 | 415.08 | OK | |
r-release-linux-x86_64 | 0.7.0 | 45.94 | 370.19 | 416.13 | OK | |
r-release-macos-arm64 | 0.7.0 | 156.00 | NOTE | |||
r-release-macos-x86_64 | 0.7.0 | 244.00 | NOTE | |||
r-release-windows-x86_64 | 0.7.0 | 69.00 | 362.00 | 431.00 | NOTE | |
r-oldrel-macos-arm64 | 0.7.0 | 134.00 | NOTE | |||
r-oldrel-macos-x86_64 | 0.7.0 | 225.00 | NOTE | |||
r-oldrel-windows-x86_64 | 0.7.0 | 67.00 | 345.00 | 412.00 | NOTE |
Version: 0.7.0
Check: data for non-ASCII characters
Result: NOTE
Note: found 283 marked UTF-8 strings
Flavors: r-devel-linux-x86_64-fedora-clang, r-devel-linux-x86_64-fedora-gcc, r-oldrel-macos-arm64, r-oldrel-macos-x86_64
Version: 0.7.0
Check: installed package size
Result: NOTE
installed size is 5.5Mb
sub-directories of 1Mb or more:
data 2.6Mb
help 1.7Mb
libs 1.1Mb
Flavors: r-devel-windows-x86_64, r-release-macos-arm64, r-release-macos-x86_64, r-release-windows-x86_64, r-oldrel-macos-arm64, r-oldrel-macos-x86_64, r-oldrel-windows-x86_64