Last updated on 2023-03-29 08:53:53 CEST.
Flavor | Version | Tinstall | Tcheck | Ttotal | Status | Flags |
---|---|---|---|---|---|---|
r-devel-linux-x86_64-debian-clang | 0.7.0 | 62.96 | 379.71 | 442.67 | OK | |
r-devel-linux-x86_64-debian-gcc | 0.7.0 | 50.76 | 277.63 | 328.39 | OK | |
r-devel-linux-x86_64-fedora-clang | 0.7.0 | 549.56 | NOTE | |||
r-devel-linux-x86_64-fedora-gcc | 0.7.0 | 531.27 | NOTE | |||
r-patched-linux-x86_64 | 0.7.0 | 54.29 | 354.34 | 408.63 | OK | |
r-release-linux-x86_64 | 0.7.0 | 43.95 | 358.85 | 402.80 | OK | |
r-release-macos-arm64 | 0.7.0 | 134.00 | NOTE | |||
r-release-macos-x86_64 | 0.7.0 | 225.00 | NOTE | |||
r-release-windows-x86_64 | 0.7.0 | 81.00 | 389.00 | 470.00 | NOTE | |
r-oldrel-macos-arm64 | 0.7.0 | 131.00 | NOTE | |||
r-oldrel-macos-x86_64 | 0.7.0 | 173.00 | NOTE | |||
r-oldrel-windows-ix86+x86_64 | 0.7.0 | 132.00 | 528.00 | 660.00 | NOTE |
Version: 0.7.0
Check: data for non-ASCII characters
Result: NOTE
Note: found 283 marked UTF-8 strings
Flavors: r-devel-linux-x86_64-fedora-clang, r-devel-linux-x86_64-fedora-gcc, r-release-macos-arm64, r-release-macos-x86_64, r-oldrel-macos-arm64, r-oldrel-macos-x86_64
Version: 0.7.0
Check: installed package size
Result: NOTE
installed size is 5.6Mb
sub-directories of 1Mb or more:
data 2.6Mb
help 1.7Mb
libs 1.2Mb
Flavors: r-release-macos-arm64, r-release-macos-x86_64, r-release-windows-x86_64, r-oldrel-macos-arm64, r-oldrel-macos-x86_64, r-oldrel-windows-ix86+x86_64