CRAN Package Check Results for Package spatialsample

Last updated on 2021-05-18 15:50:56 CEST.

Flavor Version Tinstall Tcheck Ttotal Status Flags
r-devel-linux-x86_64-debian-clang 0.1.0 4.62 56.30 60.92 NOTE
r-devel-linux-x86_64-debian-gcc 0.1.0 3.65 42.82 46.47 NOTE
r-devel-linux-x86_64-fedora-clang 0.1.0 81.70 NOTE
r-devel-linux-x86_64-fedora-gcc 0.1.0 68.82 NOTE
r-devel-windows-ix86+x86_64 0.1.0 14.00 77.00 91.00 NOTE
r-devel-windows-x86_64-gcc10-UCRT 0.1.0 NOTE
r-patched-linux-x86_64 0.1.0 4.88 52.70 57.58 NOTE
r-patched-solaris-x86 0.1.0 103.10 NOTE
r-release-linux-x86_64 0.1.0 4.20 53.34 57.54 OK
r-release-macos-x86_64 0.1.0 OK
r-release-windows-ix86+x86_64 0.1.0 9.00 54.00 63.00 OK
r-oldrel-macos-x86_64 0.1.0 OK
r-oldrel-windows-ix86+x86_64 0.1.0 8.00 74.00 82.00 OK

Check Details

Version: 0.1.0
Check: LazyData
Result: NOTE
     'LazyData' is specified without a 'data' directory
Flavors: r-devel-linux-x86_64-debian-clang, r-devel-linux-x86_64-debian-gcc, r-devel-linux-x86_64-fedora-clang, r-devel-linux-x86_64-fedora-gcc, r-devel-windows-ix86+x86_64, r-devel-windows-x86_64-gcc10-UCRT, r-patched-linux-x86_64, r-patched-solaris-x86