CRAN Package Check Results for Package spatialwidget

Last updated on 2022-08-17 02:53:11 CEST.

Flavor Version Tinstall Tcheck Ttotal Status Flags
r-devel-linux-x86_64-debian-clang 0.2.3 272.40 37.79 310.19 OK
r-devel-linux-x86_64-debian-gcc 0.2.3 OK
r-devel-linux-x86_64-fedora-clang 0.2.3 411.52 OK
r-devel-linux-x86_64-fedora-gcc 0.2.3 481.27 OK
r-devel-windows-x86_64 0.2.3 236.00 109.00 345.00 OK
r-patched-linux-x86_64 0.2.3 251.85 36.22 288.07 OK
r-release-linux-x86_64 0.2.3 270.58 36.53 307.11 OK
r-release-macos-arm64 0.2.3 102.00 NOTE
r-release-macos-x86_64 0.2.3 135.00 NOTE
r-release-windows-x86_64 0.2.3 251.00 116.00 367.00 OK
r-oldrel-macos-arm64 0.2.3 113.00 NOTE
r-oldrel-macos-x86_64 0.2.3 210.00 NOTE
r-oldrel-windows-ix86+x86_64 0.2.3 620.00 106.00 726.00 NOTE

Check Details

Version: 0.2.3
Check: installed package size
Result: NOTE
     installed size is 14.7Mb
     sub-directories of 1Mb or more:
     doc 1.2Mb
     libs 13.2Mb
Flavors: r-release-macos-arm64, r-release-macos-x86_64, r-oldrel-macos-arm64, r-oldrel-macos-x86_64, r-oldrel-windows-ix86+x86_64