Last updated on 2023-05-30 12:59:30 CEST.
Flavor | Version | Tinstall | Tcheck | Ttotal | Status | Flags |
---|---|---|---|---|---|---|
r-devel-linux-x86_64-debian-clang | 0.1.16 | 4.08 | 133.93 | 138.01 | NOTE | |
r-devel-linux-x86_64-debian-gcc | 0.1.16 | 3.34 | 88.79 | 92.13 | NOTE | |
r-devel-linux-x86_64-fedora-clang | 0.1.16 | 152.23 | NOTE | |||
r-devel-linux-x86_64-fedora-gcc | 0.1.16 | 145.35 | NOTE | |||
r-devel-windows-x86_64 | 0.1.16 | 6.00 | 95.00 | 101.00 | NOTE | |
r-patched-linux-x86_64 | 0.1.16 | 4.73 | 110.28 | 115.01 | NOTE | |
r-release-linux-x86_64 | 0.1.16 | 4.36 | 109.21 | 113.57 | NOTE | |
r-release-macos-arm64 | 0.1.16 | 48.00 | NOTE | |||
r-release-macos-x86_64 | 0.1.16 | 81.00 | NOTE | |||
r-release-windows-x86_64 | 0.1.16 | 7.00 | 116.00 | 123.00 | NOTE | |
r-oldrel-macos-arm64 | 0.1.16 | 38.00 | NOTE | |||
r-oldrel-macos-x86_64 | 0.1.16 | 54.00 | NOTE | |||
r-oldrel-windows-x86_64 | 0.1.16 | 7.00 | 117.00 | 124.00 | NOTE |
Version: 0.1.16
Check: LazyData
Result: NOTE
'LazyData' is specified without a 'data' directory
Flavors: r-devel-linux-x86_64-debian-clang, r-devel-linux-x86_64-debian-gcc, r-devel-linux-x86_64-fedora-clang, r-devel-linux-x86_64-fedora-gcc, r-devel-windows-x86_64, r-patched-linux-x86_64, r-release-linux-x86_64, r-release-macos-arm64, r-release-macos-x86_64, r-release-windows-x86_64, r-oldrel-macos-arm64, r-oldrel-macos-x86_64, r-oldrel-windows-x86_64