CRAN Package Check Results for Package spatsoc

Last updated on 2021-05-07 14:49:48 CEST.

Flavor Version Tinstall Tcheck Ttotal Status Flags
r-devel-linux-x86_64-debian-clang 0.1.16 4.38 126.57 130.95 NOTE
r-devel-linux-x86_64-debian-gcc 0.1.16 3.29 85.00 88.29 NOTE
r-devel-linux-x86_64-fedora-clang 0.1.16 145.17 NOTE
r-devel-linux-x86_64-fedora-gcc 0.1.16 135.40 NOTE
r-devel-windows-ix86+x86_64 0.1.16 7.00 127.00 134.00 NOTE
r-devel-windows-x86_64-gcc10-UCRT 0.1.16 NOTE
r-patched-linux-x86_64 0.1.16 3.85 106.52 110.37 NOTE
r-patched-solaris-x86 0.1.16 171.10 OK
r-release-linux-x86_64 0.1.16 3.06 108.65 111.71 OK
r-release-macos-x86_64 0.1.16 OK
r-release-windows-ix86+x86_64 0.1.16 6.00 99.00 105.00 OK
r-oldrel-macos-x86_64 0.1.16 ERROR
r-oldrel-windows-ix86+x86_64 0.1.16 7.00 121.00 128.00 OK

Check Details

Version: 0.1.16
Check: LazyData
Result: NOTE
     'LazyData' is specified without a 'data' directory
Flavors: r-devel-linux-x86_64-debian-clang, r-devel-linux-x86_64-debian-gcc, r-devel-linux-x86_64-fedora-clang, r-devel-linux-x86_64-fedora-gcc, r-devel-windows-ix86+x86_64, r-devel-windows-x86_64-gcc10-UCRT, r-patched-linux-x86_64

Version: 0.1.16
Check: examples
Result: ERROR
    Running examples in ‘spatsoc-Ex.R’ failed
    The error most likely occurred in:
    
    > ### Name: build_lines
    > ### Title: Build Lines
    > ### Aliases: build_lines
    >
    > ### ** Examples
    >
    > # Load data.table
    > library(data.table)
    >
    > # Read example data
    > DT <- fread(system.file("extdata", "DT.csv", package = "spatsoc"))
    >
    > # Cast the character column to POSIXct
    > DT[, datetime := as.POSIXct(datetime, tz = 'UTC')]
    >
    > # EPSG code for example data
    > utm <- 'EPSG:32736'
    >
    > # Build lines for each individual
    > lines <- build_lines(DT, projection = utm, id = 'ID', coords = c('X', 'Y'),
    + sortBy = 'datetime')
    Error in sp::CRS(projection) : no arguments in initialization list
    Calls: build_lines -> <Anonymous>
    Execution halted
Flavor: r-oldrel-macos-x86_64

Version: 0.1.16
Check: tests
Result: ERROR
     Running ‘testthat.R’ [37s/14s]
    Running the tests in ‘tests/testthat.R’ failed.
    Last 13 lines of output:
     3. │ │ └─base::force(code)
     4. │ ├─base::withCallingHandlers(...)
     5. │ └─base::withVisible(code)
     6. └─spatsoc::group_polys(...)
     7. └─spatsoc::build_polys(...)
     8. ├─sp::SpatialPointsDataFrame(...)
     9. │ └─sp::SpatialPoints(coords, proj4string = proj4string, bbox = bbox)
     10. │ └─methods::new("SpatialPoints", coords = coords, bbox = bbox, proj4string = proj4string)
     11. │ ├─methods::initialize(value, ...)
     12. │ └─methods::initialize(value, ...)
     13. └─sp::CRS(projection)
    
     [ FAIL 26 | WARN 0 | SKIP 0 | PASS 225 ]
     Error: Test failures
     Execution halted
Flavor: r-oldrel-macos-x86_64

Version: 0.1.16
Check: re-building of vignette outputs
Result: WARN
    Error(s) in re-building vignettes:
     ...
    --- re-building ‘using-edge-and-dyad.Rmd’ using rmarkdown
    Warning in engine$weave(file, quiet = quiet, encoding = enc) :
     Pandoc (>= 1.12.3) not available. Falling back to R Markdown v1.
    --- finished re-building ‘using-edge-and-dyad.Rmd’
    
    --- re-building ‘faq.Rmd’ using knitr
    --- finished re-building ‘faq.Rmd’
    
    --- re-building ‘intro-spatsoc.Rmd’ using knitr
    Quitting from lines 138-149 (intro-spatsoc.Rmd)
    Error: processing vignette 'intro-spatsoc.Rmd' failed with diagnostics:
    no arguments in initialization list
    --- failed re-building ‘intro-spatsoc.Rmd’
    
    --- re-building ‘using-in-sna.Rmd’ using knitr
    --- finished re-building ‘using-in-sna.Rmd’
    
    SUMMARY: processing the following file failed:
     ‘intro-spatsoc.Rmd’
    
    Error: Vignette re-building failed.
    Execution halted
Flavor: r-oldrel-macos-x86_64