CRAN Package Check Results for Package spatsoc

Last updated on 2022-09-25 09:51:51 CEST.

Flavor Version Tinstall Tcheck Ttotal Status Flags
r-devel-linux-x86_64-debian-clang 0.1.16 4.52 130.44 134.96 NOTE
r-devel-linux-x86_64-debian-gcc 0.1.16 3.73 86.54 90.27 NOTE
r-devel-linux-x86_64-fedora-clang 0.1.16 152.09 NOTE
r-devel-linux-x86_64-fedora-gcc 0.1.16 139.27 NOTE
r-devel-windows-x86_64 0.1.16 19.00 136.00 155.00 NOTE
r-patched-linux-x86_64 0.1.16 4.14 107.02 111.16 NOTE
r-release-linux-x86_64 0.1.16 4.55 106.43 110.98 NOTE
r-release-macos-arm64 0.1.16 38.00 NOTE
r-release-macos-x86_64 0.1.16 54.00 NOTE
r-release-windows-x86_64 0.1.16 16.00 134.00 150.00 NOTE
r-oldrel-macos-arm64 0.1.16 53.00 NOTE
r-oldrel-macos-x86_64 0.1.16 86.00 NOTE
r-oldrel-windows-ix86+x86_64 0.1.16 9.00 133.00 142.00 NOTE

Check Details

Version: 0.1.16
Check: LazyData
Result: NOTE
     'LazyData' is specified without a 'data' directory
Flavors: r-devel-linux-x86_64-debian-clang, r-devel-linux-x86_64-debian-gcc, r-devel-linux-x86_64-fedora-clang, r-devel-linux-x86_64-fedora-gcc, r-devel-windows-x86_64, r-patched-linux-x86_64, r-release-linux-x86_64, r-release-macos-arm64, r-release-macos-x86_64, r-release-windows-x86_64, r-oldrel-macos-arm64, r-oldrel-macos-x86_64, r-oldrel-windows-ix86+x86_64