CRAN Package Check Results for Package spatsoc

Last updated on 2020-03-30 12:49:22 CEST.

Flavor Version Tinstall Tcheck Ttotal Status Flags
r-devel-linux-x86_64-debian-clang 0.1.13 4.05 176.02 180.07 OK
r-devel-linux-x86_64-debian-gcc 0.1.13 3.26 156.50 159.76 OK
r-devel-linux-x86_64-fedora-clang 0.1.13 175.02 OK
r-devel-linux-x86_64-fedora-gcc 0.1.13 151.82 OK
r-devel-windows-ix86+x86_64 0.1.9 8.00 95.00 103.00 OK
r-devel-windows-ix86+x86_64-gcc8 0.1.9 7.00 106.00 113.00 ERROR
r-patched-linux-x86_64 0.1.9 3.33 148.85 152.18 OK
r-patched-solaris-x86 0.1.13 183.80 OK
r-release-linux-x86_64 0.1.9 3.09 133.94 137.03 OK
r-release-windows-ix86+x86_64 0.1.9 11.00 141.00 152.00 OK
r-release-osx-x86_64 0.1.13 OK
r-oldrel-windows-ix86+x86_64 0.1.9 7.00 143.00 150.00 OK
r-oldrel-osx-x86_64 0.1.9 OK

Check Details

Version: 0.1.9
Check: tests
Result: ERROR
     Running 'testthat.R' [27s]
    Running the tests in 'tests/testthat.R' failed.
    Complete output:
     > library(testthat)
     > library(spatsoc)
     >
     > test_check("spatsoc")
     -- 1. Failure: group_times nearest hour with minutes threshold (@test-time.R#271
     ...[] not equal to 3.
     1/1 mismatches
     [1] 4 - 3 == 1
    
     -- 2. Failure: group_times nearest hour with minutes threshold (@test-time.R#287
     ...[] not equal to 3.
     1/1 mismatches
     [1] 4 - 3 == 1
    
     == testthat results ===========================================================
     [ OK: 241 | SKIPPED: 0 | WARNINGS: 0 | FAILED: 2 ]
     1. Failure: group_times nearest hour with minutes threshold (@test-time.R#271)
     2. Failure: group_times nearest hour with minutes threshold (@test-time.R#287)
    
     Error: testthat unit tests failed
     Execution halted
Flavor: r-devel-windows-ix86+x86_64-gcc8