CRAN Package Check Results for Package spatsoc

Last updated on 2021-10-25 20:52:08 CEST.

Flavor Version Tinstall Tcheck Ttotal Status Flags
r-devel-linux-x86_64-debian-clang 0.1.16 4.39 127.15 131.54 NOTE
r-devel-linux-x86_64-debian-gcc 0.1.16 3.14 85.91 89.05 NOTE
r-devel-linux-x86_64-fedora-clang 0.1.16 145.81 NOTE
r-devel-linux-x86_64-fedora-gcc 0.1.16 129.99 NOTE
r-devel-windows-x86_64 0.1.16 7.00 146.00 153.00 NOTE
r-devel-windows-x86_64-gcc10-UCRT 0.1.16 NOTE
r-patched-linux-x86_64 0.1.16 4.91 102.82 107.73 NOTE
r-patched-solaris-x86 0.1.16 163.70 NOTE
r-release-linux-x86_64 0.1.16 3.80 102.67 106.47 NOTE
r-release-macos-arm64 0.1.16 NOTE
r-release-macos-x86_64 0.1.16 NOTE
r-release-windows-ix86+x86_64 0.1.16 6.00 114.00 120.00 NOTE
r-oldrel-macos-x86_64 0.1.16 OK
r-oldrel-windows-ix86+x86_64 0.1.16 8.00 130.00 138.00 OK

Check Details

Version: 0.1.16
Check: LazyData
Result: NOTE
     'LazyData' is specified without a 'data' directory
Flavors: r-devel-linux-x86_64-debian-clang, r-devel-linux-x86_64-debian-gcc, r-devel-linux-x86_64-fedora-clang, r-devel-linux-x86_64-fedora-gcc, r-devel-windows-x86_64, r-devel-windows-x86_64-gcc10-UCRT, r-patched-linux-x86_64, r-patched-solaris-x86, r-release-linux-x86_64, r-release-macos-arm64, r-release-macos-x86_64, r-release-windows-ix86+x86_64