Last updated on 2023-11-28 17:48:32 CET.
Flavor | Version | Tinstall | Tcheck | Ttotal | Status | Flags |
---|---|---|---|---|---|---|
r-devel-linux-x86_64-debian-clang | 0.2.2 | 4.97 | 129.84 | 134.81 | OK | |
r-devel-linux-x86_64-debian-gcc | 0.2.2 | 3.02 | 95.48 | 98.50 | OK | |
r-devel-linux-x86_64-fedora-clang | 0.2.2 | 163.83 | NOTE | |||
r-devel-linux-x86_64-fedora-gcc | 0.2.2 | 170.40 | OK | |||
r-devel-windows-x86_64 | 0.2.2 | 5.00 | 109.00 | 114.00 | OK | |
r-patched-linux-x86_64 | 0.2.2 | 4.46 | 120.46 | 124.92 | OK | |
r-release-linux-x86_64 | 0.2.2 | 4.10 | 122.10 | 126.20 | OK | |
r-release-macos-arm64 | 0.2.2 | 67.00 | OK | |||
r-release-macos-x86_64 | 0.2.2 | 120.00 | OK | |||
r-release-windows-x86_64 | 0.2.2 | 7.00 | 140.00 | 147.00 | OK | |
r-oldrel-macos-arm64 | 0.2.2 | 53.00 | OK | |||
r-oldrel-macos-x86_64 | 0.2.2 | 73.00 | OK | |||
r-oldrel-windows-x86_64 | 0.2.2 | 6.00 | 137.00 | 143.00 | OK |
Version: 0.2.2
Check: Rd cross-references
Result: NOTE
Undeclared package ‘sp’ in Rd xrefs
Flavor: r-devel-linux-x86_64-fedora-clang