Last updated on 2023-03-31 10:51:31 CEST.
Flavor | Version | Tinstall | Tcheck | Ttotal | Status | Flags |
---|---|---|---|---|---|---|
r-devel-linux-x86_64-debian-clang | 3.1-0 | 52.47 | 443.95 | 496.42 | OK | |
r-devel-linux-x86_64-debian-gcc | 3.1-0 | 47.14 | 331.50 | 378.64 | OK | |
r-devel-linux-x86_64-fedora-clang | 3.1-0 | 610.30 | OK | |||
r-devel-linux-x86_64-fedora-gcc | 3.1-0 | 632.10 | OK | |||
r-patched-linux-x86_64 | 3.1-0 | 76.89 | 423.42 | 500.31 | OK | |
r-release-linux-x86_64 | 3.1-0 | 53.67 | 404.40 | 458.07 | OK | |
r-release-macos-arm64 | 3.1-0 | 142.00 | OK | |||
r-release-macos-x86_64 | 3.1-0 | 200.00 | OK | |||
r-release-windows-x86_64 | 3.1-0 | 516.00 | 572.00 | 1088.00 | OK | |
r-oldrel-macos-arm64 | 3.1-0 | 142.00 | NOTE | |||
r-oldrel-macos-x86_64 | 3.1-0 | 206.00 | OK | |||
r-oldrel-windows-ix86+x86_64 | 3.1-0 | 114.00 | 718.00 | 832.00 | OK |
Version: 3.1-0
Check: installed package size
Result: NOTE
installed size is 5.2Mb
sub-directories of 1Mb or more:
R 2.2Mb
help 2.3Mb
Flavor: r-oldrel-macos-arm64