CRAN Package Check Results for Package spatstat.geom

Last updated on 2022-09-29 09:55:44 CEST.

Flavor Version Tinstall Tcheck Ttotal Status Flags
r-devel-linux-x86_64-debian-clang 2.4-0 66.00 398.04 464.04 OK
r-devel-linux-x86_64-debian-gcc 2.4-0 58.06 293.78 351.84 OK
r-devel-linux-x86_64-fedora-clang 2.4-0 582.27 OK
r-devel-linux-x86_64-fedora-gcc 2.4-0 562.93 OK
r-devel-windows-x86_64 2.4-0 562.00 593.00 1155.00 OK
r-patched-linux-x86_64 2.4-0 71.37 369.37 440.74 OK
r-release-linux-x86_64 2.4-0 61.63 366.85 428.48 OK
r-release-macos-arm64 2.4-0 141.00 NOTE
r-release-macos-x86_64 2.4-0 177.00 OK
r-release-windows-x86_64 2.4-0 608.00 592.00 1200.00 OK
r-oldrel-macos-arm64 2.4-0 115.00 NOTE
r-oldrel-macos-x86_64 2.4-0 188.00 OK
r-oldrel-windows-ix86+x86_64 2.4-0 148.00 645.00 793.00 OK

Check Details

Version: 2.4-0
Check: installed package size
Result: NOTE
     installed size is 6.0Mb
     sub-directories of 1Mb or more:
     R 2.1Mb
     help 2.8Mb
Flavors: r-release-macos-arm64, r-oldrel-macos-arm64