CRAN Package Check Results for Package spatstat.gui

Last updated on 2022-12-04 04:50:31 CET.

Flavor Version Tinstall Tcheck Ttotal Status Flags
r-devel-linux-x86_64-debian-clang 3.0-1 9.95 111.22 121.17 NOTE
r-devel-linux-x86_64-debian-gcc 3.0-1 8.87 84.42 93.29 NOTE
r-devel-linux-x86_64-fedora-clang 3.0-1 158.01 NOTE
r-devel-linux-x86_64-fedora-gcc 3.0-1 154.51 NOTE
r-devel-windows-x86_64 3.0-1 18.00 131.00 149.00 NOTE
r-patched-linux-x86_64 3.0-1 9.86 111.28 121.14 NOTE
r-release-linux-x86_64 3.0-1 10.13 115.52 125.65 NOTE
r-release-macos-arm64 3.0-1 65.00 NOTE
r-release-macos-x86_64 3.0-1 83.00 NOTE
r-release-windows-x86_64 3.0-1 24.00 146.00 170.00 NOTE
r-oldrel-macos-arm64 3.0-1 64.00 NOTE
r-oldrel-macos-x86_64 3.0-1 80.00 NOTE
r-oldrel-windows-ix86+x86_64 3.0-1 24.00 129.00 153.00 NOTE

Check Details

Version: 3.0-1
Check: package dependencies
Result: NOTE
    Depends: includes the non-default packages:
     'spatstat.geom', 'spatstat.random', 'spatstat.explore',
     'spatstat.model', 'spatstat.linnet', 'spatstat.data', 'spatstat',
     'rpanel', 'tcltk'
    Adding so many packages to the search path is excessive and importing
    selectively is preferable.
Flavors: r-devel-linux-x86_64-debian-clang, r-devel-linux-x86_64-debian-gcc, r-devel-linux-x86_64-fedora-clang, r-devel-linux-x86_64-fedora-gcc, r-devel-windows-x86_64, r-patched-linux-x86_64, r-release-linux-x86_64, r-release-macos-arm64, r-release-macos-x86_64, r-release-windows-x86_64, r-oldrel-macos-arm64, r-oldrel-macos-x86_64, r-oldrel-windows-ix86+x86_64