CRAN Package Check Results for Package spatstat

Last updated on 2022-11-30 10:51:51 CET.

Flavor Version Tinstall Tcheck Ttotal Status Flags
r-devel-linux-x86_64-debian-clang 3.0-2 11.44 188.00 199.44 NOTE
r-devel-linux-x86_64-debian-gcc 3.0-2 8.58 140.43 149.01 NOTE
r-devel-linux-x86_64-fedora-clang 3.0-2 254.33 NOTE
r-devel-linux-x86_64-fedora-gcc 3.0-2 247.85 NOTE
r-devel-windows-x86_64 3.0-2 22.00 249.00 271.00 NOTE
r-patched-linux-x86_64 3.0-2 7.98 175.31 183.29 NOTE
r-release-linux-x86_64 3.0-2 8.33 155.40 163.73 NOTE
r-release-macos-arm64 3.0-2 93.00 NOTE
r-release-macos-x86_64 3.0-2 119.00 NOTE
r-release-windows-x86_64 3.0-2 29.00 263.00 292.00 NOTE
r-oldrel-macos-arm64 3.0-2 100.00 NOTE
r-oldrel-macos-x86_64 3.0-2 129.00 NOTE
r-oldrel-windows-ix86+x86_64 3.0-2 23.00 221.00 244.00 NOTE

Check Details

Version: 3.0-2
Check: package dependencies
Result: NOTE
    Depends: includes the non-default packages:
     'spatstat.data', 'spatstat.geom', 'spatstat.random',
     'spatstat.explore', 'spatstat.model', 'spatstat.linnet'
    Adding so many packages to the search path is excessive and importing
    selectively is preferable.
Flavors: r-devel-linux-x86_64-debian-clang, r-devel-linux-x86_64-debian-gcc, r-devel-linux-x86_64-fedora-clang, r-devel-linux-x86_64-fedora-gcc, r-devel-windows-x86_64, r-patched-linux-x86_64, r-release-linux-x86_64, r-release-macos-arm64, r-release-macos-x86_64, r-release-windows-x86_64, r-oldrel-macos-arm64, r-oldrel-macos-x86_64, r-oldrel-windows-ix86+x86_64