CRAN Package Check Results for Package spatstat

Last updated on 2021-04-22 12:54:13 CEST.

Flavor Version Tinstall Tcheck Ttotal Status Flags
r-devel-linux-x86_64-debian-clang 2.1-0 9.34 168.08 177.42 OK
r-devel-linux-x86_64-debian-gcc 2.1-0 7.21 130.66 137.87 OK
r-devel-linux-x86_64-fedora-clang 2.1-0 223.97 OK
r-devel-linux-x86_64-fedora-gcc 2.1-0 207.68 OK
r-devel-windows-ix86+x86_64 2.1-0 21.00 196.00 217.00 OK
r-devel-windows-x86_64-gcc10-UCRT 2.1-0 OK
r-patched-linux-x86_64 2.1-0 10.55 159.54 170.09 WARN
r-patched-solaris-x86 2.1-0 289.20 OK
r-release-linux-x86_64 2.1-0 9.12 158.77 167.89 OK
r-release-macos-x86_64 2.1-0 OK
r-release-windows-ix86+x86_64 2.1-0 23.00 204.00 227.00 OK
r-oldrel-macos-x86_64 2.1-0 OK
r-oldrel-windows-ix86+x86_64 2.1-0 30.00 184.00 214.00 OK

Check Details

Version: 2.1-0
Check: whether package can be installed
Result: WARN
    Found the following significant warnings:
     Rd warning: /tmp/RtmpYQeQY2/R.INSTALL161a25bf76fd/spatstat/man/spatstat-package.Rd:221: file link ‘marks<-’ in package ‘spatstat.geom’ does not exist and so has been treated as a topic
     Rd warning: /tmp/RtmpYQeQY2/R.INSTALL161a25bf76fd/spatstat/man/spatstat-package.Rd:373: file link ‘[.ppp’ in package ‘spatstat.geom’ does not exist and so has been treated as a topic
     Rd warning: /tmp/RtmpYQeQY2/R.INSTALL161a25bf76fd/spatstat/man/spatstat-package.Rd:416: file link ‘sharpen.ppp’ in package ‘spatstat.core’ does not exist and so has been treated as a topic
     Rd warning: /tmp/RtmpYQeQY2/R.INSTALL161a25bf76fd/spatstat/man/spatstat-package.Rd:437: file link ‘as.im.ppp’ in package ‘spatstat.geom’ does not exist and so has been treated as a topic
     Rd warning: /tmp/RtmpYQeQY2/R.INSTALL161a25bf76fd/spatstat/man/spatstat-package.Rd:507: file link ‘as.im.owin’ in package ‘spatstat.geom’ does not exist and so has been treated as a topic
     Rd warning: /tmp/RtmpYQeQY2/R.INSTALL161a25bf76fd/spatstat/man/spatstat-package.Rd:514: file link ‘raster.y’ in package ‘spatstat.geom’ does not exist and so has been treated as a topic
     Rd warning: /tmp/RtmpYQeQY2/R.INSTALL161a25bf76fd/spatstat/man/spatstat-package.Rd:516: file link ‘raster.xy’ in package ‘spatstat.geom’ does not exist and so has been treated as a topic
     Rd warning: /tmp/RtmpYQeQY2/R.INSTALL161a25bf76fd/spatstat/man/spatstat-package.Rd:528: file link ‘union.owin’ in package ‘spatstat.geom’ does not exist and so has been treated as a topic
     Rd warning: /tmp/RtmpYQeQY2/R.INSTALL161a25bf76fd/spatstat/man/spatstat-package.Rd:529: file link ‘setminus.owin’ in package ‘spatstat.geom’ does not exist and so has been treated as a topic
     Rd warning: /tmp/RtmpYQeQY2/R.INSTALL161a25bf76fd/spatstat/man/spatstat-package.Rd:535: file link ‘inradius’ in package ‘spatstat.geom’ does not exist and so has been treated as a topic
     Rd warning: /tmp/RtmpYQeQY2/R.INSTALL161a25bf76fd/spatstat/man/spatstat-package.Rd:536: file link ‘connected.owin’ in package ‘spatstat.geom’ does not exist and so has been treated as a topic
     Rd warning: /tmp/RtmpYQeQY2/R.INSTALL161a25bf76fd/spatstat/man/spatstat-package.Rd:544: file link ‘distfun.owin’ in package ‘spatstat.geom’ does not exist and so has been treated as a topic
     Rd warning: /tmp/RtmpYQeQY2/R.INSTALL161a25bf76fd/spatstat/man/spatstat-package.Rd:554: file link ‘is.polygonal’ in package ‘spatstat.geom’ does not exist and so has been treated as a topic
     Rd warning: /tmp/RtmpYQeQY2/R.INSTALL161a25bf76fd/spatstat/man/spatstat-package.Rd:555: file link ‘is.mask’ in package ‘spatstat.geom’ does not exist and so has been treated as a topic
     Rd warning: /tmp/RtmpYQeQY2/R.INSTALL161a25bf76fd/spatstat/man/spatstat-package.Rd:578: file link ‘hsvim’ in package ‘spatstat.geom’ does not exist and so has been treated as a topic
     Rd warning: /tmp/RtmpYQeQY2/R.INSTALL161a25bf76fd/spatstat/man/spatstat-package.Rd:579: file link ‘[.im’ in package ‘spatstat.geom’ does not exist and so has been treated as a topic
     Rd warning: /tmp/RtmpYQeQY2/R.INSTALL161a25bf76fd/spatstat/man/spatstat-package.Rd:580: file link ‘[<-.im’ in package ‘spatstat.geom’ does not exist and so has been treated as a topic
     Rd warning: /tmp/RtmpYQeQY2/R.INSTALL161a25bf76fd/spatstat/man/spatstat-package.Rd:594: file link ‘Smooth.im’ in package ‘spatstat.core’ does not exist and so has been treated as a topic
     Rd warning: /tmp/RtmpYQeQY2/R.INSTALL161a25bf76fd/spatstat/man/spatstat-package.Rd:595: file link ‘connected.im’ in package ‘spatstat.geom’ does not exist and so has been treated as a topic
     Rd warning: /tmp/RtmpYQeQY2/R.INSTALL161a25bf76fd/spatstat/man/spatstat-package.Rd:623: file link ‘is.psp’ in package ‘spatstat.geom’ does not exist and so has been treated as a topic
     Rd warning: /tmp/RtmpYQeQY2/R.INSTALL161a25bf76fd/spatstat/man/spatstat-package.Rd:627: file link ‘[.psp’ in package ‘spatstat.geom’ does not exist and so has been treated as a topic
     Rd warning: /tmp/RtmpYQeQY2/R.INSTALL161a25bf76fd/spatstat/man/spatstat-package.Rd:632: file link ‘marks<-.psp’ in package ‘spatstat.geom’ does not exist and so has been treated as a topic
     Rd warning: /tmp/RtmpYQeQY2/R.INSTALL161a25bf76fd/spatstat/man/spatstat-package.Rd:633: file link ‘unmark.psp’ in package ‘spatstat.geom’ does not exist and so has been treated as a topic
     Rd warning: /tmp/RtmpYQeQY2/R.INSTALL161a25bf76fd/spatstat/man/spatstat-package.Rd:651: file link ‘distfun.psp’ in package ‘spatstat.geom’ does not exist and so has been treated as a topic
     Rd warning: /tmp/RtmpYQeQY2/R.INSTALL161a25bf76fd/spatstat/man/spatstat-package.Rd:691: file link ‘[.tess’ in package ‘spatstat.geom’ does not exist and so has been treated as a topic
     Rd warning: /tmp/RtmpYQeQY2/R.INSTALL161a25bf76fd/spatstat/man/spatstat-package.Rd:692: file link ‘[<-.tess’ in package ‘spatstat.geom’ does not exist and so has been treated as a topic
     Rd warning: /tmp/RtmpYQeQY2/R.INSTALL161a25bf76fd/spatstat/man/spatstat-package.Rd:703: file link ‘shift.tess’ in package ‘spatstat.geom’ does not exist and so has been treated as a topic
     Rd warning: /tmp/RtmpYQeQY2/R.INSTALL161a25bf76fd/spatstat/man/spatstat-package.Rd:704: file link ‘rotate.tess’ in package ‘spatstat.geom’ does not exist and so has been treated as a topic
     Rd warning: /tmp/RtmpYQeQY2/R.INSTALL161a25bf76fd/spatstat/man/spatstat-package.Rd:705: file link ‘reflect.tess’ in package ‘spatstat.geom’ does not exist and so has been treated as a topic
     Rd warning: /tmp/RtmpYQeQY2/R.INSTALL161a25bf76fd/spatstat/man/spatstat-package.Rd:706: file link ‘flipxy.tess’ in package ‘spatstat.geom’ does not exist and so has been treated as a topic
     Rd warning: /tmp/RtmpYQeQY2/R.INSTALL161a25bf76fd/spatstat/man/spatstat-package.Rd:721: file link ‘subset.pp3’ in package ‘spatstat.geom’ does not exist and so has been treated as a topic
     Rd warning: /tmp/RtmpYQeQY2/R.INSTALL161a25bf76fd/spatstat/man/spatstat-package.Rd:722: file link ‘unitname.pp3’ in package ‘spatstat.geom’ does not exist and so has been treated as a topic
     Rd warning: /tmp/RtmpYQeQY2/R.INSTALL161a25bf76fd/spatstat/man/spatstat-package.Rd:730: file link ‘unitname.box3’ in package ‘spatstat.geom’ does not exist and so has been treated as a topic
     Rd warning: /tmp/RtmpYQeQY2/R.INSTALL161a25bf76fd/spatstat/man/spatstat-package.Rd:732: file link ‘volume.box3’ in package ‘spatstat.geom’ does not exist and so has been treated as a topic
     Rd warning: /tmp/RtmpYQeQY2/R.INSTALL161a25bf76fd/spatstat/man/spatstat-package.Rd:733: file link ‘shortside.box3’ in package ‘spatstat.geom’ does not exist and so has been treated as a topic
     Rd warning: /tmp/RtmpYQeQY2/R.INSTALL161a25bf76fd/spatstat/man/spatstat-package.Rd:734: file link ‘eroded.volumes’ in package ‘spatstat.geom’ does not exist and so has been treated as a topic
     Rd warning: /tmp/RtmpYQeQY2/R.INSTALL161a25bf76fd/spatstat/man/spatstat-package.Rd:746: file link ‘subset.ppx’ in package ‘spatstat.geom’ does not exist and so has been treated as a topic
     Rd warning: /tmp/RtmpYQeQY2/R.INSTALL161a25bf76fd/spatstat/man/spatstat-package.Rd:747: file link ‘unitname.ppx’ in package ‘spatstat.geom’ does not exist and so has been treated as a topic
     Rd warning: /tmp/RtmpYQeQY2/R.INSTALL161a25bf76fd/spatstat/man/spatstat-package.Rd:753: file link ‘volume.boxx’ in package ‘spatstat.geom’ does not exist and so has been treated as a topic
     Rd warning: /tmp/RtmpYQeQY2/R.INSTALL161a25bf76fd/spatstat/man/spatstat-package.Rd:754: file link ‘shortside.boxx’ in package ‘spatstat.geom’ does not exist and so has been treated as a topic
     Rd warning: /tmp/RtmpYQeQY2/R.INSTALL161a25bf76fd/spatstat/man/spatstat-package.Rd:755: file link ‘eroded.volumes.boxx’ in package ‘spatstat.geom’ does not exist and so has been treated as a topic
     Rd warning: /tmp/RtmpYQeQY2/R.INSTALL161a25bf76fd/spatstat/man/spatstat-package.Rd:770: file link ‘dirichletNetwork’ in package ‘spatstat.linnet’ does not exist and so has been treated as a topic
     Rd warning: /tmp/RtmpYQeQY2/R.INSTALL161a25bf76fd/spatstat/man/spatstat-package.Rd:772: file link ‘vertices.linnet’ in package ‘spatstat.linnet’ does not exist and so has been treated as a topic
     Rd warning: /tmp/RtmpYQeQY2/R.INSTALL161a25bf76fd/spatstat/man/spatstat-package.Rd:779: file link ‘pixellate.linnet’ in package ‘spatstat.linnet’ does not exist and so has been treated as a topic
     Rd warning: /tmp/RtmpYQeQY2/R.INSTALL161a25bf76fd/spatstat/man/spatstat-package.Rd:809: file link ‘rbind.hyperframe’ in package ‘spatstat.geom’ does not exist and so has been treated as a topic
     Rd warning: /tmp/RtmpYQeQY2/R.INSTALL161a25bf76fd/spatstat/man/spatstat-package.Rd:813: file link ‘head.hyperframe’ in package ‘spatstat.geom’ does not exist and so has been treated as a topic
     Rd warning: /tmp/RtmpYQeQY2/R.INSTALL161a25bf76fd/spatstat/man/spatstat-package.Rd:814: file link ‘tail.hyperframe’ in package ‘spatstat.geom’ does not exist and so has been treated as a topic
     Rd warning: /tmp/RtmpYQeQY2/R.INSTALL161a25bf76fd/spatstat/man/spatstat-package.Rd:825: file link ‘[.layered’ in package ‘spatstat.geom’ does not exist and so has been treated as a topic
     Rd warning: /tmp/RtmpYQeQY2/R.INSTALL161a25bf76fd/spatstat/man/spatstat-package.Rd:842: file link ‘beachcolourmap’ in package ‘spatstat.geom’ does not exist and so has been treated as a topic
     Rd warning: /tmp/RtmpYQeQY2/R.INSTALL161a25bf76fd/spatstat/man/spatstat-package.Rd:894: file link ‘sharpen.ppp’ in package ‘spatstat.core’ does not exist and so has been treated as a topic
     Rd warning: /tmp/RtmpYQeQY2/R.INSTALL161a25bf76fd/spatstat/man/spatstat-package.Rd:922: file link ‘localL’ in package ‘spatstat.core’ does not exist and so has been treated as a topic
     Rd warning: /tmp/RtmpYQeQY2/R.INSTALL161a25bf76fd/spatstat/man/spatstat-package.Rd:926: file link ‘localLinhom’ in package ‘spatstat.core’ does not exist and so has been treated as a topic
     Rd warning: /tmp/RtmpYQeQY2/R.INSTALL161a25bf76fd/spatstat/man/spatstat-package.Rd:927: file link ‘localpcfinhom’ in package ‘spatstat.core’ does not exist and so has been treated as a topic
     Rd warning: /tmp/RtmpYQeQY2/R.INSTALL161a25bf76fd/spatstat/man/spatstat-package.Rd:957: file link ‘exactdt’ in package ‘spatstat.geom’ does not exist and so has been treated as a topic
     Rd warning: /tmp/RtmpYQeQY2/R.INSTALL161a25bf76fd/spatstat/man/spatstat-package.Rd:966: file link ‘sharpen.ppp’ in package ‘spatstat.core’ does not exist and so has been treated as a topic
     Rd warning: /tmp/RtmpYQeQY2/R.INSTALL161a25bf76fd/spatstat/man/spatstat-package.Rd:1008: file link ‘localLcross’ in package ‘spatstat.core’ does not exist and so has been treated as a topic
     Rd warning: /tmp/RtmpYQeQY2/R.INSTALL161a25bf76fd/spatstat/man/spatstat-package.Rd:1008: file link ‘localLdot’ in package ‘spatstat.core’ does not exist and so has been treated as a topic
     Rd warning: /tmp/RtmpYQeQY2/R.INSTALL161a25bf76fd/spatstat/man/spatstat-package.Rd:1010: file link ‘localLcross.inhom’ in package ‘spatstat.core’ does not exist and so has been treated as a topic
     Rd warning: /tmp/RtmpYQeQY2/R.INSTALL161a25bf76fd/spatstat/man/spatstat-package.Rd:1021: file link ‘markmean’ in package ‘spatstat.core’ does not exist and so has been treated as a topic
     Rd warning: /tmp/RtmpYQeQY2/R.INSTALL161a25bf76fd/spatstat/man/spatstat-package.Rd:1022: file link ‘markvar’ in package ‘spatstat.core’ does not exist and so has been treated as a topic
     Rd warning: /tmp/RtmpYQeQY2/R.INSTALL161a25bf76fd/spatstat/man/spatstat-package.Rd:1029: file link ‘Vmark’ in package ‘spatstat.core’ does not exist and so has been treated as a topic
     Rd warning: /tmp/RtmpYQeQY2/R.INSTALL161a25bf76fd/spatstat/man/spatstat-package.Rd:1030: file link ‘nnmean’ in package ‘spatstat.core’ does not exist and so has been treated as a topic
     Rd warning: /tmp/RtmpYQeQY2/R.INSTALL161a25bf76fd/spatstat/man/spatstat-package.Rd:1031: file link ‘nnvario’ in package ‘spatstat.core’ does not exist and so has been treated as a topic
     Rd warning: /tmp/RtmpYQeQY2/R.INSTALL161a25bf76fd/spatstat/man/spatstat-package.Rd:1160: file link ‘Jfox’ in package ‘spatstat.core’ does not exist and so has been treated as a topic
     Rd warning: /tmp/RtmpYQeQY2/R.INSTALL161a25bf76fd/spatstat/man/spatstat-package.Rd:1177: file link ‘fitted.kppm’ in package ‘spatstat.core’ does not exist and so has been treated as a topic
     Rd warning: /tmp/RtmpYQeQY2/R.INSTALL161a25bf76fd/spatstat/man/spatstat-package.Rd:1191: file link ‘pcfmodel.kppm’ in package ‘spatstat.core’ does not exist and so has been treated as a topic
     Rd warning: /tmp/RtmpYQeQY2/R.INSTALL161a25bf76fd/spatstat/man/spatstat-package.Rd:1195: file link ‘drop1’ in package ‘stats’ does not exist and so has been treated as a topic
     Rd warning: /tmp/RtmpYQeQY2/R.INSTALL161a25bf76fd/spatstat/man/spatstat-package.Rd:1275: file link ‘pcfmodel.ppm’ in package ‘spatstat.core’ does not exist and so has been treated as a topic
     Rd warning: /tmp/RtmpYQeQY2/R.INSTALL161a25bf76fd/spatstat/man/spatstat-package.Rd:1294: file link ‘project.ppm’ in package ‘spatstat.core’ does not exist and so has been treated as a topic
     Rd warning: /tmp/RtmpYQeQY2/R.INSTALL161a25bf76fd/spatstat/man/spatstat-package.Rd:1297: file link ‘drop1’ in package ‘stats’ does not exist and so has been treated as a topic
     Rd warning: /tmp/RtmpYQeQY2/R.INSTALL161a25bf76fd/spatstat/man/spatstat-package.Rd:1366: file link ‘quad’ in package ‘spatstat.geom’ does not exist and so has been treated as a topic
     Rd warning: /tmp/RtmpYQeQY2/R.INSTALL161a25bf76fd/spatstat/man/spatstat-package.Rd:1412: file link ‘envelope.lppm’ in package ‘spatstat.linnet’ does not exist and so has been treated as a topic
     Rd warning: /tmp/RtmpYQeQY2/R.INSTALL161a25bf76fd/spatstat/man/spatstat-package.Rd:1641: file link ‘mad.test’ in package ‘spatstat.core’ does not exist and so has been treated as a topic
     Rd warning: /tmp/RtmpYQeQY2/R.INSTALL161a25bf76fd/spatstat/man/spatstat-package.Rd:1652: file link ‘mad.progress’ in package ‘spatstat.core’ does not exist and so has been treated as a topic
Flavor: r-patched-linux-x86_64