CRAN Package Check Results for Package spatstat

Last updated on 2017-11-20 21:49:52 CET.

Flavor Version Tinstall Tcheck Ttotal Status Flags
r-devel-linux-x86_64-debian-clang 1.53-2 94.77 488.02 582.80 OK --no-tests
r-devel-linux-x86_64-debian-gcc 1.53-2 155.15 1110.76 1265.91 OK --no-tests
r-devel-linux-x86_64-fedora-clang 1.53-2 1312.81 NOTE
r-devel-linux-x86_64-fedora-gcc 1.53-2 1400.34 NOTE
r-devel-windows-ix86+x86_64 1.53-2 266.00 460.00 726.00 NOTE --no-examples --no-tests --no-vignettes
r-patched-linux-x86_64 1.53-2 106.66 508.66 615.32 OK --no-tests
r-patched-solaris-x86 1.53-2 1808.70 NOTE
r-release-linux-x86_64 1.53-2 104.88 524.60 629.48 OK --no-tests
r-release-windows-ix86+x86_64 1.53-2 273.00 540.00 813.00 NOTE --no-examples --no-tests --no-vignettes
r-release-osx-x86_64 1.53-2 NOTE
r-oldrel-windows-ix86+x86_64 1.53-2 249.00 513.00 762.00 NOTE --no-examples --no-tests --no-vignettes
r-oldrel-osx-x86_64 1.53-2 NOTE

Check Details

Version: 1.53-2
Check: installed package size
Result: NOTE
     installed size is 17.0Mb
     sub-directories of 1Mb or more:
     R 4.9Mb
     doc 4.6Mb
     help 4.9Mb
     libs 1.7Mb
Flavors: r-devel-linux-x86_64-fedora-clang, r-devel-linux-x86_64-fedora-gcc, r-patched-solaris-x86, r-release-osx-x86_64, r-oldrel-osx-x86_64

Version: 1.53-2
Flags: --no-examples --no-tests --no-vignettes
Check: installed package size
Result: NOTE
     installed size is 16.5Mb
     sub-directories of 1Mb or more:
     R 4.9Mb
     doc 4.6Mb
     help 4.9Mb
     libs 1.2Mb
Flavors: r-devel-windows-ix86+x86_64, r-release-windows-ix86+x86_64, r-oldrel-windows-ix86+x86_64