CRAN Package Check Results for Package spatstat

Last updated on 2020-04-07 09:49:42 CEST.

Flavor Version Tinstall Tcheck Ttotal Status Flags
r-devel-linux-x86_64-debian-clang 1.63-3 167.10 1009.28 1176.38 OK --no-tests
r-devel-linux-x86_64-debian-gcc 1.63-3 136.63 753.25 889.88 OK --no-tests
r-devel-linux-x86_64-fedora-clang 1.63-3 2305.97 NOTE
r-devel-linux-x86_64-fedora-gcc 1.63-3 2266.57 OK
r-devel-windows-ix86+x86_64 1.63-3 421.00 463.00 884.00 NOTE --no-examples --no-tests --no-vignettes
r-devel-windows-ix86+x86_64-gcc8 1.63-3 290.00 455.00 745.00 NOTE --no-examples --no-tests --no-vignettes
r-patched-linux-x86_64 1.63-3 161.04 977.62 1138.66 OK --no-tests
r-patched-solaris-x86 1.63-3 3352.30 NOTE
r-release-linux-x86_64 1.63-3 145.01 908.32 1053.33 OK --no-tests
r-release-windows-ix86+x86_64 1.63-3 305.00 595.00 900.00 NOTE --no-examples --no-tests --no-vignettes
r-release-osx-x86_64 1.63-3 NOTE
r-oldrel-windows-ix86+x86_64 1.63-3 374.00 411.00 785.00 NOTE --no-examples --no-tests --no-vignettes
r-oldrel-osx-x86_64 1.63-3 NOTE

Check Details

Version: 1.63-3
Check: installed package size
Result: NOTE
     installed size is 18.6Mb
     sub-directories of 1Mb or more:
     R 5.3Mb
     doc 4.9Mb
     help 5.3Mb
     libs 2.1Mb
Flavors: r-devel-linux-x86_64-fedora-clang, r-patched-solaris-x86, r-release-osx-x86_64, r-oldrel-osx-x86_64

Version: 1.63-3
Flags: --no-examples --no-tests --no-vignettes
Check: installed package size
Result: NOTE
     installed size is 17.6Mb
     sub-directories of 1Mb or more:
     R 5.3Mb
     doc 4.9Mb
     help 5.3Mb
     libs 1.2Mb
Flavors: r-devel-windows-ix86+x86_64, r-devel-windows-ix86+x86_64-gcc8, r-release-windows-ix86+x86_64, r-oldrel-windows-ix86+x86_64

Version: 1.63-3
Check: package dependencies
Result: NOTE
    Package suggested but not available for checking: ‘rpanel’
Flavors: r-release-osx-x86_64, r-oldrel-osx-x86_64

Version: 1.63-3
Check: dependencies in R code
Result: NOTE
    No protocol specified
    No protocol specified
Flavors: r-release-osx-x86_64, r-oldrel-osx-x86_64