CRAN Package Check Results for Package spatstat

Last updated on 2018-06-25 18:49:28 CEST.

Flavor Version Tinstall Tcheck Ttotal Status Flags
r-devel-linux-x86_64-debian-clang 1.56-0 139.10 742.85 881.95 OK --no-tests
r-devel-linux-x86_64-debian-gcc 1.56-0 129.28 627.47 756.75 OK --no-tests
r-devel-linux-x86_64-fedora-clang 1.56-0 1678.71 NOTE
r-devel-linux-x86_64-fedora-gcc 1.56-0 886.25 OK
r-devel-windows-ix86+x86_64 1.56-0 357.00 435.00 792.00 NOTE --no-examples --no-tests --no-vignettes
r-patched-linux-x86_64 1.56-0 135.55 820.32 955.87 OK --no-tests
r-patched-solaris-x86 1.56-0 2379.60 NOTE
r-release-linux-x86_64 1.56-0 135.89 812.86 948.75 OK --no-tests
r-release-windows-ix86+x86_64 1.56-0 368.00 581.00 949.00 NOTE --no-examples --no-tests --no-vignettes
r-release-osx-x86_64 1.56-0 NOTE
r-oldrel-windows-ix86+x86_64 1.56-0 266.00 543.00 809.00 NOTE --no-examples --no-tests --no-vignettes
r-oldrel-osx-x86_64 1.55-1 NOTE

Additional issues

valgrind

Check Details

Version: 1.56-0
Check: installed package size
Result: NOTE
     installed size is 17.7Mb
     sub-directories of 1Mb or more:
     R 5.0Mb
     doc 4.8Mb
     help 5.0Mb
     libs 1.9Mb
Flavors: r-devel-linux-x86_64-fedora-clang, r-patched-solaris-x86, r-release-osx-x86_64

Version: 1.56-0
Flags: --no-examples --no-tests --no-vignettes
Check: installed package size
Result: NOTE
     installed size is 17.0Mb
     sub-directories of 1Mb or more:
     R 5.0Mb
     doc 4.8Mb
     help 5.0Mb
     libs 1.2Mb
Flavors: r-devel-windows-ix86+x86_64, r-release-windows-ix86+x86_64, r-oldrel-windows-ix86+x86_64

Version: 1.56-0
Check: package dependencies
Result: NOTE
    Package suggested but not available for checking: ‘rpanel’
Flavor: r-release-osx-x86_64

Version: 1.55-1
Check: installed package size
Result: NOTE
     installed size is 17.2Mb
     sub-directories of 1Mb or more:
     R 5.0Mb
     doc 4.7Mb
     help 5.1Mb
     libs 1.6Mb
Flavor: r-oldrel-osx-x86_64