CRAN Package Check Results for Package spatstat

Last updated on 2017-07-28 07:48:25.

Flavor Version Tinstall Tcheck Ttotal Status Flags
r-devel-linux-x86_64-debian-clang 1.51-0 98.31 683.31 781.62 WARN --no-tests
r-devel-linux-x86_64-debian-gcc 1.51-0 108.41 832.65 941.05 WARN --no-tests
r-devel-linux-x86_64-fedora-clang 1.51-0 1451.09 NOTE
r-devel-linux-x86_64-fedora-gcc 1.51-0 1455.25 NOTE
r-devel-windows-ix86+x86_64 1.51-0 240.00 386.00 626.00 NOTE --no-examples --no-tests --no-vignettes
r-patched-linux-x86_64 1.51-0 104.85 822.63 927.48 WARN --no-tests
r-patched-solaris-x86 1.51-0 1880.30 NOTE
r-release-linux-x86_64 1.51-0 106.30 828.99 935.29 WARN --no-tests
r-release-windows-ix86+x86_64 1.51-0 354.00 546.00 900.00 NOTE --no-examples --no-tests --no-vignettes
r-release-osx-x86_64 1.51-0 NOTE
r-oldrel-windows-ix86+x86_64 1.51-0 257.00 600.00 857.00 NOTE --no-examples --no-tests --no-vignettes
r-oldrel-osx-x86_64 1.51-0 NOTE

Check Details

Version: 1.51-0
Flags: --no-tests
Check: PDF version of manual
Result: WARN
    LaTeX errors when creating PDF version.
    This typically indicates Rd problems.
    LaTeX errors found:
Flavors: r-devel-linux-x86_64-debian-clang, r-devel-linux-x86_64-debian-gcc, r-patched-linux-x86_64, r-release-linux-x86_64

Version: 1.51-0
Check: installed package size
Result: NOTE
     installed size is 20.8Mb
     sub-directories of 1Mb or more:
     R 4.8Mb
     data 3.4Mb
     doc 4.6Mb
     help 5.0Mb
     libs 1.7Mb
Flavors: r-devel-linux-x86_64-fedora-clang, r-devel-linux-x86_64-fedora-gcc, r-patched-solaris-x86, r-release-osx-x86_64, r-oldrel-osx-x86_64

Version: 1.51-0
Flags: --no-examples --no-tests --no-vignettes
Check: installed package size
Result: NOTE
     installed size is 20.3Mb
     sub-directories of 1Mb or more:
     R 4.8Mb
     data 3.4Mb
     doc 4.6Mb
     help 5.1Mb
     libs 1.2Mb
Flavors: r-devel-windows-ix86+x86_64, r-release-windows-ix86+x86_64, r-oldrel-windows-ix86+x86_64