CRAN Package Check Results for Package spatstat

Last updated on 2019-11-18 03:47:56 CET.

Flavor Version Tinstall Tcheck Ttotal Status Flags
r-devel-linux-x86_64-debian-clang 1.61-0 159.51 916.03 1075.54 OK --no-tests
r-devel-linux-x86_64-debian-gcc 1.61-0 131.75 710.52 842.27 OK --no-tests
r-devel-linux-x86_64-fedora-clang 1.61-0 1901.50 NOTE
r-devel-linux-x86_64-fedora-gcc 1.61-0 1912.70 OK
r-devel-windows-ix86+x86_64 1.61-0 371.00 572.00 943.00 NOTE --no-examples --no-tests --no-vignettes
r-patched-linux-x86_64 1.61-0 143.58 867.46 1011.04 OK --no-tests
r-patched-solaris-x86 1.61-0 2709.30 NOTE
r-release-linux-x86_64 1.61-0 138.86 881.40 1020.26 OK --no-tests
r-release-windows-ix86+x86_64 1.61-0 304.00 570.00 874.00 NOTE --no-examples --no-tests --no-vignettes
r-release-osx-x86_64 1.61-0 NOTE
r-oldrel-windows-ix86+x86_64 1.61-0 363.00 577.00 940.00 NOTE --no-examples --no-tests --no-vignettes
r-oldrel-osx-x86_64 1.61-0 NOTE

Check Details

Version: 1.61-0
Check: installed package size
Result: NOTE
     installed size is 18.3Mb
     sub-directories of 1Mb or more:
     R 5.2Mb
     doc 4.9Mb
     help 5.2Mb
     libs 2.1Mb
Flavors: r-devel-linux-x86_64-fedora-clang, r-patched-solaris-x86, r-release-osx-x86_64, r-oldrel-osx-x86_64

Version: 1.61-0
Flags: --no-examples --no-tests --no-vignettes
Check: installed package size
Result: NOTE
     installed size is 17.4Mb
     sub-directories of 1Mb or more:
     R 5.2Mb
     doc 4.9Mb
     help 5.2Mb
     libs 1.2Mb
Flavors: r-devel-windows-ix86+x86_64, r-release-windows-ix86+x86_64, r-oldrel-windows-ix86+x86_64

Version: 1.61-0
Check: package dependencies
Result: NOTE
    Package suggested but not available for checking: ‘rpanel’
Flavors: r-release-osx-x86_64, r-oldrel-osx-x86_64

Version: 1.61-0
Check: dependencies in R code
Result: NOTE
    No protocol specified
    No protocol specified
Flavors: r-release-osx-x86_64, r-oldrel-osx-x86_64