CRAN Package Check Results for Package spatstat

Last updated on 2018-09-21 05:49:38 CEST.

Flavor Version Tinstall Tcheck Ttotal Status Flags
r-devel-linux-x86_64-debian-clang 1.56-1 133.67 842.61 976.28 OK --no-tests
r-devel-linux-x86_64-debian-gcc 1.56-1 114.45 647.05 761.50 OK --no-tests
r-devel-linux-x86_64-fedora-clang 1.56-1 1798.51 NOTE
r-devel-linux-x86_64-fedora-gcc 1.56-1 1686.89 OK
r-devel-windows-ix86+x86_64 1.56-1 357.00 443.00 800.00 NOTE --no-examples --no-tests --no-vignettes
r-patched-linux-x86_64 1.56-1 138.00 812.70 950.70 OK --no-tests
r-patched-solaris-x86 1.56-1 2404.20 NOTE
r-release-linux-x86_64 1.56-1 132.62 812.31 944.93 OK --no-tests
r-release-windows-ix86+x86_64 1.56-1 340.00 406.00 746.00 NOTE --no-examples --no-tests --no-vignettes
r-release-osx-x86_64 1.56-1 NOTE
r-oldrel-windows-ix86+x86_64 1.56-1 253.00 597.00 850.00 NOTE --no-examples --no-tests --no-vignettes
r-oldrel-osx-x86_64 1.56-1 NOTE

Check Details

Version: 1.56-1
Check: installed package size
Result: NOTE
     installed size is 17.8Mb
     sub-directories of 1Mb or more:
     R 5.0Mb
     doc 4.8Mb
     help 5.0Mb
     libs 1.9Mb
Flavors: r-devel-linux-x86_64-fedora-clang, r-patched-solaris-x86, r-release-osx-x86_64, r-oldrel-osx-x86_64

Version: 1.56-1
Flags: --no-examples --no-tests --no-vignettes
Check: installed package size
Result: NOTE
     installed size is 17.0Mb
     sub-directories of 1Mb or more:
     R 5.0Mb
     doc 4.8Mb
     help 5.0Mb
     libs 1.2Mb
Flavors: r-devel-windows-ix86+x86_64, r-release-windows-ix86+x86_64, r-oldrel-windows-ix86+x86_64

Version: 1.56-1
Check: package dependencies
Result: NOTE
    Package suggested but not available for checking: ‘rpanel’
Flavor: r-release-osx-x86_64