CRAN Package Check Results for Package spatstat

Last updated on 2017-05-29 01:47:06.

Flavor Version Tinstall Tcheck Ttotal Status Flags
r-devel-linux-x86_64-debian-clang 1.51-0 108.89 538.73 647.61 OK --no-tests
r-devel-linux-x86_64-debian-gcc 1.51-0 104.07 511.73 615.80 OK --no-tests
r-devel-linux-x86_64-fedora-clang 1.51-0 1502.05 NOTE
r-devel-linux-x86_64-fedora-gcc 1.51-0 1402.75 NOTE
r-devel-windows-ix86+x86_64 1.51-0 261.00 548.00 809.00 NOTE --no-examples --no-tests --no-vignettes
r-patched-linux-x86_64 1.51-0 107.84 526.72 634.55 OK --no-tests
r-patched-solaris-sparc 1.51-0 8382.90 NOTE
r-patched-solaris-x86 1.51-0 1832.00 NOTE
r-release-linux-x86_64 1.51-0 98.19 525.51 623.70 OK --no-tests
r-release-windows-ix86+x86_64 1.51-0 367.00 431.00 798.00 NOTE --no-examples --no-tests --no-vignettes
r-release-osx-x86_64 1.51-0 NOTE
r-oldrel-windows-ix86+x86_64 1.51-0 318.00 407.00 725.00 NOTE --no-examples --no-tests --no-vignettes
r-oldrel-osx-x86_64 1.51-0 NOTE

Check Details

Version: 1.51-0
Check: installed package size
Result: NOTE
     installed size is 20.8Mb
     sub-directories of 1Mb or more:
     R 4.8Mb
     data 3.4Mb
     doc 4.6Mb
     help 5.0Mb
     libs 1.7Mb
Flavors: r-devel-linux-x86_64-fedora-clang, r-devel-linux-x86_64-fedora-gcc, r-patched-solaris-sparc, r-patched-solaris-x86, r-release-osx-x86_64, r-oldrel-osx-x86_64

Version: 1.51-0
Flags: --no-examples --no-tests --no-vignettes
Check: installed package size
Result: NOTE
     installed size is 20.3Mb
     sub-directories of 1Mb or more:
     R 4.8Mb
     data 3.4Mb
     doc 4.6Mb
     help 5.1Mb
     libs 1.2Mb
Flavors: r-devel-windows-ix86+x86_64, r-release-windows-ix86+x86_64, r-oldrel-windows-ix86+x86_64