CRAN Package Check Results for Package spatstat

Last updated on 2020-01-21 17:49:35 CET.

Flavor Version Tinstall Tcheck Ttotal Status Flags
r-devel-linux-x86_64-debian-clang 1.62-2 162.38 997.11 1159.49 OK --no-tests
r-devel-linux-x86_64-debian-gcc 1.62-2 132.66 737.03 869.69 OK --no-tests
r-devel-linux-x86_64-fedora-clang 1.62-2 2118.42 NOTE
r-devel-linux-x86_64-fedora-gcc 1.62-2 2096.92 OK
r-devel-windows-ix86+x86_64 1.62-2 397.00 466.00 863.00 NOTE --no-examples --no-tests --no-vignettes
r-devel-windows-ix86+x86_64-gcc8 1.62-2 403.00 699.00 1102.00 NOTE --no-examples --no-tests --no-vignettes
r-patched-linux-x86_64 1.62-2 142.69 892.17 1034.86 OK --no-tests
r-patched-solaris-x86 1.62-2 2808.80 NOTE
r-release-linux-x86_64 1.62-2 148.87 903.04 1051.91 OK --no-tests
r-release-windows-ix86+x86_64 1.62-2 374.00 593.00 967.00 NOTE --no-examples --no-tests --no-vignettes
r-release-osx-x86_64 1.62-2 NOTE
r-oldrel-windows-ix86+x86_64 1.62-2 275.00 594.00 869.00 NOTE --no-examples --no-tests --no-vignettes
r-oldrel-osx-x86_64 1.62-2 ERROR

Check Details

Version: 1.62-2
Check: installed package size
Result: NOTE
     installed size is 18.5Mb
     sub-directories of 1Mb or more:
     R 5.3Mb
     doc 4.9Mb
     help 5.2Mb
     libs 2.1Mb
Flavors: r-devel-linux-x86_64-fedora-clang, r-patched-solaris-x86, r-release-osx-x86_64, r-oldrel-osx-x86_64

Version: 1.62-2
Flags: --no-examples --no-tests --no-vignettes
Check: installed package size
Result: NOTE
     installed size is 17.6Mb
     sub-directories of 1Mb or more:
     R 5.3Mb
     doc 4.9Mb
     help 5.2Mb
     libs 1.2Mb
Flavors: r-devel-windows-ix86+x86_64, r-devel-windows-ix86+x86_64-gcc8, r-release-windows-ix86+x86_64, r-oldrel-windows-ix86+x86_64

Version: 1.62-2
Check: package dependencies
Result: NOTE
    Package suggested but not available for checking: ‘rpanel’
Flavors: r-release-osx-x86_64, r-oldrel-osx-x86_64

Version: 1.62-2
Check: dependencies in R code
Result: NOTE
    No protocol specified
    No protocol specified
Flavors: r-release-osx-x86_64, r-oldrel-osx-x86_64

Version: 1.62-2
Flags: --no-examples --no-tests --no-vignettes
Check: R code for possible problems
Result: NOTE
    uniquemap.matrix: no visible global function definition for 'asplit'
    Undefined global functions or variables:
     asplit
Flavor: r-oldrel-windows-ix86+x86_64

Version: 1.62-2
Check: R code for possible problems
Result: NOTE
    uniquemap.matrix: no visible global function definition for ‘asplit’
    Undefined global functions or variables:
     asplit
Flavor: r-oldrel-osx-x86_64

Version: 1.62-2
Check: tests
Result: ERROR
     Running ‘testsAtoD.R’ [60s/61s]
    Running the tests in ‘tests/testsAtoD.R’ failed.
    Last 13 lines of output:
     + if(!isTRUE(all.equal(u4, uc4)))
     + stop("Inconsistency between algorithms in uniquemap.matrix")
     +
     + ## uniquemap.default
     + a <- letters[c(1, 1:4, 3:2)]
     + checkum(a, "<character>")
     + checkum(as.list(a), "<list>")
     + u1 <- uniquemap(a)
     + u2 <- uniquemap(as.list(a))
     + if(!isTRUE(all.equal(u1, u2)))
     + stop("Inconsistency between algorithms in uniquemap.default")
     + })
     Error in asplit(x, 2) : could not find function "asplit"
     Calls: local ... eval -> eval -> checkum -> uniquemap -> uniquemap.matrix
     Execution halted
Flavor: r-oldrel-osx-x86_64