CRAN Package Check Results for Package spatstat.local

Last updated on 2022-09-29 08:53:42 CEST.

Flavor Version Tinstall Tcheck Ttotal Status Flags
r-devel-linux-x86_64-debian-clang 4.1-5 13.50 174.84 188.34 NOTE
r-devel-linux-x86_64-debian-gcc 4.1-5 10.01 127.88 137.89 NOTE
r-devel-linux-x86_64-fedora-clang 4.1-5 234.80 NOTE
r-devel-linux-x86_64-fedora-gcc 4.1-5 224.91 NOTE
r-devel-windows-x86_64 4.1-5 18.00 218.00 236.00 NOTE
r-patched-linux-x86_64 4.1-5 13.73 167.13 180.86 NOTE
r-release-linux-x86_64 4.1-5 10.90 165.20 176.10 NOTE
r-release-macos-arm64 4.1-5 70.00 NOTE
r-release-macos-x86_64 4.1-5 120.00 NOTE
r-release-windows-x86_64 4.1-5 59.00 221.00 280.00 NOTE
r-oldrel-macos-arm64 4.1-5 62.00 NOTE
r-oldrel-macos-x86_64 4.1-5 90.00 NOTE
r-oldrel-windows-ix86+x86_64 4.1-5 28.00 203.00 231.00 NOTE

Check Details

Version: 4.1-5
Check: package dependencies
Result: NOTE
    Depends: includes the non-default packages:
     'spatstat.data', 'spatstat.sparse', 'spatstat.geom',
     'spatstat.random', 'spatstat.core', 'spatstat'
    Adding so many packages to the search path is excessive and importing
    selectively is preferable.
Flavors: r-devel-linux-x86_64-debian-clang, r-devel-linux-x86_64-debian-gcc, r-devel-linux-x86_64-fedora-clang, r-devel-linux-x86_64-fedora-gcc, r-devel-windows-x86_64, r-patched-linux-x86_64, r-release-linux-x86_64, r-release-macos-arm64, r-release-macos-x86_64, r-release-windows-x86_64, r-oldrel-macos-arm64, r-oldrel-macos-x86_64, r-oldrel-windows-ix86+x86_64