Last updated on 2023-10-04 14:04:01 CEST.
Flavor | Version | Tinstall | Tcheck | Ttotal | Status | Flags |
---|---|---|---|---|---|---|
r-devel-linux-x86_64-debian-clang | 5.0-1 | 12.75 | 183.01 | 195.76 | NOTE | |
r-devel-linux-x86_64-debian-gcc | 5.0-1 | 10.28 | 132.45 | 142.73 | NOTE | |
r-devel-linux-x86_64-fedora-clang | 5.0-1 | 249.43 | NOTE | |||
r-devel-linux-x86_64-fedora-gcc | 5.0-1 | 232.58 | NOTE | |||
r-devel-windows-x86_64 | 5.0-1 | 13.00 | 161.00 | 174.00 | NOTE | |
r-patched-linux-x86_64 | 5.0-1 | 11.96 | 172.10 | 184.06 | NOTE | |
r-release-linux-x86_64 | 5.0-1 | 9.95 | 176.77 | 186.72 | NOTE | |
r-release-macos-arm64 | 5.0-1 | 71.00 | NOTE | |||
r-release-macos-x86_64 | 5.0-1 | 116.00 | NOTE | |||
r-release-windows-x86_64 | 5.0-1 | 18.00 | 191.00 | 209.00 | NOTE | |
r-oldrel-macos-arm64 | 5.0-1 | 66.00 | NOTE | |||
r-oldrel-macos-x86_64 | 5.0-1 | 101.00 | NOTE | |||
r-oldrel-windows-x86_64 | 5.0-1 | 17.00 | 193.00 | 210.00 | NOTE |
Version: 5.0-1
Check: package dependencies
Result: NOTE
Depends: includes the non-default packages:
'spatstat.data', 'spatstat.sparse', 'spatstat.geom',
'spatstat.random', 'spatstat.explore', 'spatstat.model', 'spatstat'
Adding so many packages to the search path is excessive and importing
selectively is preferable.
Flavors: r-devel-linux-x86_64-debian-clang, r-devel-linux-x86_64-debian-gcc, r-devel-linux-x86_64-fedora-clang, r-devel-linux-x86_64-fedora-gcc, r-devel-windows-x86_64, r-patched-linux-x86_64, r-release-linux-x86_64, r-release-macos-arm64, r-release-macos-x86_64, r-release-windows-x86_64, r-oldrel-macos-arm64, r-oldrel-macos-x86_64, r-oldrel-windows-x86_64