Last updated on 2023-03-29 20:54:47 CEST.
Flavor | Version | Tinstall | Tcheck | Ttotal | Status | Flags |
---|---|---|---|---|---|---|
r-devel-linux-x86_64-debian-clang | 3.2-1 | 46.82 | 556.46 | 603.28 | NOTE | |
r-devel-linux-x86_64-debian-gcc | 3.2-1 | 37.24 | 412.15 | 449.39 | NOTE | |
r-devel-linux-x86_64-fedora-clang | 3.2-1 | 725.65 | NOTE | |||
r-devel-linux-x86_64-fedora-gcc | 3.2-1 | 744.21 | NOTE | |||
r-patched-linux-x86_64 | 3.2-1 | 66.74 | 534.36 | 601.10 | NOTE | |
r-release-linux-x86_64 | 3.2-1 | 44.26 | 509.08 | 553.34 | NOTE | |
r-release-macos-arm64 | 3.2-1 | 169.00 | NOTE | |||
r-release-macos-x86_64 | 3.2-1 | 264.00 | NOTE | |||
r-release-windows-x86_64 | 3.2-1 | 625.00 | 737.00 | 1362.00 | NOTE | |
r-oldrel-macos-arm64 | 3.2-1 | 152.00 | NOTE | |||
r-oldrel-macos-x86_64 | 3.2-1 | 261.00 | NOTE | |||
r-oldrel-windows-ix86+x86_64 | 3.2-1 | 83.00 | 1012.00 | 1095.00 | NOTE |
Version: 3.2-1
Check: package dependencies
Result: NOTE
Packages suggested but not available for checking:
'RandomFields', 'RandomFieldsUtils'
Depends: includes the non-default packages:
'spatstat.data', 'spatstat.geom', 'spatstat.random',
'spatstat.explore', 'nlme', 'rpart'
Adding so many packages to the search path is excessive and importing
selectively is preferable.
Flavors: r-devel-linux-x86_64-debian-clang, r-devel-linux-x86_64-debian-gcc, r-devel-linux-x86_64-fedora-clang, r-devel-linux-x86_64-fedora-gcc, r-patched-linux-x86_64, r-release-linux-x86_64
Version: 3.2-1
Check: Rd cross-references
Result: NOTE
Package unavailable to check Rd xrefs: ‘RandomFields’
Flavors: r-devel-linux-x86_64-debian-clang, r-devel-linux-x86_64-debian-gcc, r-devel-linux-x86_64-fedora-clang, r-devel-linux-x86_64-fedora-gcc, r-patched-linux-x86_64, r-release-linux-x86_64
Version: 3.2-1
Check: package dependencies
Result: NOTE
Depends: includes the non-default packages:
'spatstat.data', 'spatstat.geom', 'spatstat.random',
'spatstat.explore', 'nlme', 'rpart'
Adding so many packages to the search path is excessive and importing
selectively is preferable.
Flavors: r-release-macos-arm64, r-release-macos-x86_64, r-release-windows-x86_64, r-oldrel-macos-arm64, r-oldrel-macos-x86_64, r-oldrel-windows-ix86+x86_64