CRAN Package Check Results for Package spatstat.random

Last updated on 2022-09-29 10:52:58 CEST.

Flavor Version Tinstall Tcheck Ttotal Status Flags
r-devel-linux-x86_64-debian-clang 2.2-0 32.31 165.12 197.43 NOTE
r-devel-linux-x86_64-debian-gcc 2.2-0 29.20 123.83 153.03 NOTE
r-devel-linux-x86_64-fedora-clang 2.2-0 253.13 NOTE
r-devel-linux-x86_64-fedora-gcc 2.2-0 251.85 NOTE
r-devel-windows-x86_64 2.2-0 185.00 230.00 415.00 OK
r-patched-linux-x86_64 2.2-0 41.87 158.57 200.44 NOTE
r-release-linux-x86_64 2.2-0 36.80 156.89 193.69 NOTE
r-release-macos-arm64 2.2-0 64.00 OK
r-release-macos-x86_64 2.2-0 90.00 OK
r-release-windows-x86_64 2.2-0 264.00 223.00 487.00 OK
r-oldrel-macos-arm64 2.2-0 56.00 OK
r-oldrel-macos-x86_64 2.2-0 100.00 OK
r-oldrel-windows-ix86+x86_64 2.2-0 86.00 277.00 363.00 OK

Check Details

Version: 2.2-0
Check: package dependencies
Result: NOTE
    Package suggested but not available for checking: 'RandomFields'
Flavors: r-devel-linux-x86_64-debian-clang, r-devel-linux-x86_64-debian-gcc, r-devel-linux-x86_64-fedora-clang, r-devel-linux-x86_64-fedora-gcc, r-patched-linux-x86_64, r-release-linux-x86_64

Version: 2.2-0
Check: Rd cross-references
Result: NOTE
    Unknown package 'RandomFields' in Rd xrefs
Flavors: r-devel-linux-x86_64-debian-clang, r-devel-linux-x86_64-debian-gcc, r-devel-linux-x86_64-fedora-clang, r-devel-linux-x86_64-fedora-gcc, r-patched-linux-x86_64, r-release-linux-x86_64