CRAN Package Check Results for Package spcadjust

Last updated on 2020-04-06 00:49:49 CEST.

Flavor Version Tinstall Tcheck Ttotal Status Flags
r-devel-linux-x86_64-debian-clang 1.1 4.15 251.86 256.01 OK
r-devel-linux-x86_64-debian-gcc 1.1 0.37 2.28 2.65 ERROR
r-devel-linux-x86_64-fedora-clang 1.1 288.70 OK
r-devel-linux-x86_64-fedora-gcc 1.1 281.98 OK
r-devel-windows-ix86+x86_64 1.1 13.00 235.00 248.00 OK
r-devel-windows-ix86+x86_64-gcc8 1.1 11.00 241.00 252.00 OK
r-patched-linux-x86_64 1.1 4.35 242.32 246.67 OK
r-patched-solaris-x86 1.1 426.10 OK
r-release-linux-x86_64 1.1 3.46 228.61 232.07 OK
r-release-windows-ix86+x86_64 1.1 7.00 310.00 317.00 OK
r-release-osx-x86_64 1.1 OK
r-oldrel-windows-ix86+x86_64 1.1 8.00 267.00 275.00 OK
r-oldrel-osx-x86_64 1.1 OK

Check Details

Version: 1.1
Check: whether package can be installed
Result: ERROR
    Installation failed.
Flavor: r-devel-linux-x86_64-debian-gcc