CRAN Package Check Results for Package spcosa

Last updated on 2020-06-07 04:47:50 CEST.

Flavor Version Tinstall Tcheck Ttotal Status Flags
r-devel-linux-x86_64-debian-clang 0.3-9 10.85 208.29 219.14 OK
r-devel-linux-x86_64-debian-gcc 0.3-9 9.14 149.73 158.87 OK
r-devel-linux-x86_64-fedora-clang 0.3-9 267.72 OK
r-devel-linux-x86_64-fedora-gcc 0.3-9 270.78 OK
r-devel-windows-ix86+x86_64 0.3-9 34.00 255.00 289.00 OK
r-patched-linux-x86_64 0.3-9 10.26 201.43 211.69 OK
r-patched-solaris-x86 0.3-9 344.80 OK
r-release-linux-x86_64 0.3-9 12.15 201.68 213.83 OK
r-release-osx-x86_64 0.3-9 FAIL
r-release-windows-ix86+x86_64 0.3-9 33.00 251.00 284.00 OK
r-oldrel-osx-x86_64 0.3-9 OK
r-oldrel-windows-ix86+x86_64 0.3-9 28.00 195.00 223.00 OK

Check Details

Version: 0.3-9
Check: PDF version of manual
Result: FAIL
Flavor: r-release-osx-x86_64