CRAN Package Check Results for Package spdep

Last updated on 2022-08-16 01:50:29 CEST.

Flavor Version Tinstall Tcheck Ttotal Status Flags
r-devel-linux-x86_64-debian-clang 1.2-4 41.96 485.50 527.46 OK
r-devel-linux-x86_64-debian-gcc 1.2-5 39.23 359.90 399.13 OK
r-devel-linux-x86_64-fedora-clang 1.2-5 623.27 NOTE
r-devel-linux-x86_64-fedora-gcc 1.2-5 654.59 OK
r-devel-windows-x86_64 1.2-5 98.00 567.00 665.00 NOTE
r-patched-linux-x86_64 1.2-5 49.40 458.77 508.17 OK
r-release-linux-x86_64 1.2-5 45.88 463.15 509.03 OK
r-release-macos-arm64 1.2-5 148.00 NOTE
r-release-macos-x86_64 1.2-5 214.00 NOTE
r-release-windows-x86_64 1.2-5 89.00 357.00 446.00 NOTE
r-oldrel-macos-arm64 1.2-5 144.00 NOTE
r-oldrel-macos-x86_64 1.2-5 221.00 NOTE
r-oldrel-windows-ix86+x86_64 1.2-5 110.00 575.00 685.00 NOTE

Check Details

Version: 1.2-5
Check: installed package size
Result: NOTE
     installed size is 8.5Mb
     sub-directories of 1Mb or more:
     doc 5.8Mb
     etc 1.4Mb
Flavors: r-devel-linux-x86_64-fedora-clang, r-devel-windows-x86_64, r-release-macos-arm64, r-release-macos-x86_64, r-release-windows-x86_64, r-oldrel-macos-arm64, r-oldrel-macos-x86_64, r-oldrel-windows-ix86+x86_64