CRAN Package Check Results for Package speaq

Last updated on 2019-06-25 09:51:06 CEST.

Flavor Version Tinstall Tcheck Ttotal Status Flags
r-devel-linux-x86_64-debian-clang 2.6.0 9.60 215.71 225.31 OK
r-devel-linux-x86_64-debian-gcc 2.6.0 7.20 152.80 160.00 OK
r-devel-linux-x86_64-fedora-clang 2.6.0 238.66 OK
r-devel-linux-x86_64-fedora-gcc 2.6.0 217.95 OK
r-devel-windows-ix86+x86_64 2.6.0 27.00 537.00 564.00 OK
r-patched-linux-x86_64 2.6.0 7.77 203.63 211.40 OK
r-patched-solaris-x86 2.6.0 1166.10 OK
r-release-linux-x86_64 2.6.0 9.11 206.69 215.80 OK
r-release-windows-ix86+x86_64 2.6.0 18.00 597.00 615.00 OK
r-release-osx-x86_64 2.6.0 ERROR
r-oldrel-windows-ix86+x86_64 2.6.0 12.00 492.00 504.00 WARN
r-oldrel-osx-x86_64 2.6.0 OK

Check Details

Version: 2.6.0
Check: package dependencies
Result: ERROR
    Packages required but not available: 'MassSpecWavelet', 'impute'
    
    See section ‘The DESCRIPTION file’ in the ‘Writing R Extensions’
    manual.
Flavor: r-release-osx-x86_64

Version: 2.6.0
Check: whether package can be installed
Result: WARN
    Found the following significant warnings:
     Warning: S3 methods '[.fun_list', '[.grouped_df', 'all.equal.tbl_df', 'anti_join.data.frame', 'anti_join.tbl_df', 'arrange.data.frame', 'arrange.default', 'arrange.grouped_df', 'arrange.tbl_df', 'arrange_.data.frame', 'arrange_.tbl_df', 'as.data.frame.grouped_df', 'as.data.frame.rowwise_df', 'as.data.frame.tbl_cube', 'as.table.tbl_cube', 'as.tbl.data.frame', 'as.tbl.tbl', 'as.tbl_cube.array', 'as.tbl_cube.data.frame', 'as.tbl_cube.matrix', 'as.tbl_cube.table', 'as_tibble.grouped_df', 'as_tibble.tbl_cube', 'auto_copy.tbl_cube', 'auto_copy.tbl_df', 'cbind.grouped_df', 'collapse.data.frame', 'collect.data.frame', 'common_by.NULL', 'common_by.character', 'common_by.default', 'common_by.list', 'compute.data.frame', 'copy_to.DBIConnection', 'copy_to.src_local', 'default_missing.data.frame', 'default_missing.default', 'dim.tbl_cube', 'distinct.data.frame', 'distinct.default', 'distinct.grouped_df', 'distinct.tbl_df', 'distinct_.data.frame', 'distinct_.grouped_df', 'distinct_.tbl_df', 'do.NULL', 'do.da [... truncated]
Flavor: r-oldrel-windows-ix86+x86_64