CRAN Package Check Results for Package specklestar

Last updated on 2021-09-24 10:50:19 CEST.

Flavor Version Tinstall Tcheck Ttotal Status Flags
r-devel-linux-x86_64-debian-clang 0.0.1.7 54.27 32.58 86.85 NOTE
r-devel-linux-x86_64-debian-gcc 0.0.1.7 32.24 25.44 57.68 NOTE
r-devel-linux-x86_64-fedora-clang 0.0.1.7 136.13 NOTE
r-devel-linux-x86_64-fedora-gcc 0.0.1.7 104.78 NOTE
r-devel-windows-x86_64 0.0.1.7 57.00 51.00 108.00 NOTE
r-devel-windows-x86_64-gcc10-UCRT 0.0.1.7 NOTE
r-patched-linux-x86_64 0.0.1.7 39.38 31.21 70.59 NOTE
r-patched-solaris-x86 0.0.1.7 143.10 NOTE
r-release-linux-x86_64 0.0.1.7 39.38 31.17 70.55 NOTE
r-release-macos-arm64 0.0.1.7 NOTE
r-release-macos-x86_64 0.0.1.7 NOTE
r-release-windows-ix86+x86_64 0.0.1.7 127.00 61.00 188.00 NOTE
r-oldrel-macos-x86_64 0.0.1.7 OK
r-oldrel-windows-ix86+x86_64 0.0.1.7 101.00 65.00 166.00 NOTE

Check Details

Version: 0.0.1.7
Check: LazyData
Result: NOTE
     'LazyData' is specified without a 'data' directory
Flavors: r-devel-linux-x86_64-debian-clang, r-devel-linux-x86_64-debian-gcc, r-devel-linux-x86_64-fedora-clang, r-devel-linux-x86_64-fedora-gcc, r-devel-windows-x86_64, r-devel-windows-x86_64-gcc10-UCRT, r-patched-linux-x86_64, r-patched-solaris-x86, r-release-linux-x86_64, r-release-macos-arm64, r-release-macos-x86_64, r-release-windows-ix86+x86_64

Version: 0.0.1.7
Check: installed package size
Result: NOTE
     installed size is 5.4Mb
     sub-directories of 1Mb or more:
     libs 3.8Mb
Flavors: r-release-windows-ix86+x86_64, r-oldrel-windows-ix86+x86_64