CRAN Package Check Results for Package specmine

Last updated on 2020-09-29 06:47:04 CEST.

Flavor Version Tinstall Tcheck Ttotal Status Flags
r-devel-linux-x86_64-debian-clang 3.0.2 86.69 225.69 312.38 NOTE
r-devel-linux-x86_64-debian-gcc 3.0.2 81.17 175.29 256.46 NOTE
r-devel-linux-x86_64-fedora-clang 3.0.2 407.34 NOTE
r-devel-linux-x86_64-fedora-gcc 3.0.2 343.29 NOTE
r-devel-windows-ix86+x86_64 3.0.2 162.00 227.00 389.00 NOTE
r-patched-linux-x86_64 3.0.2 89.75 214.47 304.22 NOTE
r-release-linux-x86_64 3.0.2 90.97 215.27 306.24 NOTE
r-release-macos-x86_64 3.0.2 NOTE
r-release-windows-ix86+x86_64 3.0.2 167.00 309.00 476.00 NOTE
r-oldrel-macos-x86_64 3.0.2 ERROR

Check Details

Version: 3.0.2
Check: package dependencies
Result: NOTE
    Packages suggested but not available for checking:
     'MAIT', 'xcms', 'rcytoscapejs'
Flavors: r-devel-linux-x86_64-debian-clang, r-devel-linux-x86_64-fedora-clang

Version: 3.0.2
Check: package dependencies
Result: NOTE
    Package suggested but not available for checking: ‘rcytoscapejs’
Flavors: r-devel-linux-x86_64-debian-gcc, r-devel-windows-ix86+x86_64, r-patched-linux-x86_64, r-release-linux-x86_64, r-release-windows-ix86+x86_64

Version: 3.0.2
Check: dependencies in R code
Result: NOTE
    Namespace in Imports field not imported from: ‘e1071’
     All declared Imports should be used.
Flavors: r-devel-linux-x86_64-fedora-clang, r-devel-linux-x86_64-fedora-gcc, r-release-macos-x86_64

Version: 3.0.2
Check: package dependencies
Result: NOTE
    Packages suggested but not available for checking: 'MAIT', 'rcytoscapejs'
Flavors: r-devel-linux-x86_64-fedora-gcc, r-oldrel-macos-x86_64

Version: 3.0.2
Check: package dependencies
Result: NOTE
    Packages suggested but not available for checking:
     'MAIT', 'KEGGgraph', 'KEGGREST', 'rcytoscapejs'
Flavor: r-release-macos-x86_64

Version: 3.0.2
Check: whether package can be installed
Result: ERROR
    Installation failed.
Flavor: r-oldrel-macos-x86_64