CRAN Package Check Results for Package spectral

Last updated on 2019-05-27 13:49:17 CEST.

Flavor Version Tinstall Tcheck Ttotal Status Flags
r-devel-linux-x86_64-debian-clang 1.0.1 14.39 26.20 40.59 OK
r-devel-linux-x86_64-debian-gcc 1.0.1 10.42 21.63 32.05 OK
r-devel-linux-x86_64-fedora-clang 1.0.1 58.78 NOTE
r-devel-linux-x86_64-fedora-gcc 1.0.1 50.13 NOTE
r-devel-windows-ix86+x86_64 1.0.1 32.00 77.00 109.00 OK
r-patched-linux-x86_64 1.0.1 OK
r-patched-solaris-x86 1.0.1 69.90 OK
r-release-linux-x86_64 1.0.1 12.10 26.50 38.60 OK
r-release-windows-ix86+x86_64 1.0.1 40.00 56.00 96.00 OK
r-release-osx-x86_64 1.0.1 OK
r-oldrel-windows-ix86+x86_64 1.0.1 24.00 76.00 100.00 OK
r-oldrel-osx-x86_64 1.0.1 OK

Check Details

Version: 1.0.1
Check: compiled code
Result: NOTE
    File ‘spectral/libs/spectral.so’:
     Found no calls to: ‘R_registerRoutines’, ‘R_useDynamicSymbols’
    
    It is good practice to register native routines and to disable symbol
    search.
    
    See ‘Writing portable packages’ in the ‘Writing R Extensions’ manual.
Flavors: r-devel-linux-x86_64-fedora-clang, r-devel-linux-x86_64-fedora-gcc