CRAN Package Check Results for Package spectralGraphTopology

Last updated on 2019-11-21 06:48:09 CET.

Flavor Version Tinstall Tcheck Ttotal Status Flags
r-devel-linux-x86_64-debian-clang 0.2.0 51.82 48.05 99.87 OK
r-devel-linux-x86_64-debian-gcc 0.2.0 35.85 39.22 75.07 OK
r-devel-linux-x86_64-fedora-clang 0.2.0 141.37 NOTE
r-devel-linux-x86_64-fedora-gcc 0.2.0 132.42 OK
r-devel-windows-ix86+x86_64 0.2.0 134.00 100.00 234.00 NOTE
r-devel-windows-ix86+x86_64-gcc8 0.2.0 108.00 102.00 210.00 NOTE
r-patched-linux-x86_64 0.2.0 39.51 52.59 92.10 OK
r-patched-solaris-x86 0.2.0 139.50 OK
r-release-linux-x86_64 0.2.0 36.52 47.38 83.90 OK
r-release-windows-ix86+x86_64 0.2.0 131.00 134.00 265.00 NOTE
r-release-osx-x86_64 0.2.0 NOTE
r-oldrel-windows-ix86+x86_64 0.2.0 82.00 141.00 223.00 NOTE
r-oldrel-osx-x86_64 0.2.0 NOTE

Check Details

Version: 0.2.0
Check: installed package size
Result: NOTE
     installed size is 6.1Mb
     sub-directories of 1Mb or more:
     doc 3.1Mb
     libs 2.6Mb
Flavors: r-devel-linux-x86_64-fedora-clang, r-devel-windows-ix86+x86_64, r-devel-windows-ix86+x86_64-gcc8, r-release-windows-ix86+x86_64, r-release-osx-x86_64, r-oldrel-windows-ix86+x86_64, r-oldrel-osx-x86_64