CRAN Package Check Results for Package spectralGraphTopology

Last updated on 2020-07-05 06:47:33 CEST.

Flavor Version Tinstall Tcheck Ttotal Status Flags
r-devel-linux-x86_64-debian-clang 0.2.0 58.32 54.87 113.19 OK
r-devel-linux-x86_64-debian-gcc 0.2.0 39.34 40.54 79.88 OK
r-devel-linux-x86_64-fedora-clang 0.2.0 160.57 NOTE
r-devel-linux-x86_64-fedora-gcc 0.2.0 131.14 OK
r-devel-windows-ix86+x86_64 0.2.0 154.00 93.00 247.00 NOTE
r-patched-linux-x86_64 0.2.0 44.62 52.71 97.33 OK
r-patched-solaris-x86 0.2.0 140.70 OK
r-release-linux-x86_64 0.2.0 43.64 52.50 96.14 OK
r-release-osx-x86_64 0.2.0 NOTE
r-release-windows-ix86+x86_64 0.2.0 107.00 99.00 206.00 NOTE
r-oldrel-osx-x86_64 0.2.0 NOTE
r-oldrel-windows-ix86+x86_64 0.2.0 114.00 126.00 240.00 NOTE

Check Details

Version: 0.2.0
Check: installed package size
Result: NOTE
     installed size is 6.4Mb
     sub-directories of 1Mb or more:
     doc 3.1Mb
     libs 2.9Mb
Flavors: r-devel-linux-x86_64-fedora-clang, r-devel-windows-ix86+x86_64, r-release-osx-x86_64, r-release-windows-ix86+x86_64, r-oldrel-osx-x86_64, r-oldrel-windows-ix86+x86_64