CRAN Package Check Results for Package speech

Last updated on 2021-01-22 03:50:51 CET.

Flavor Version Tinstall Tcheck Ttotal Status Flags
r-devel-linux-x86_64-debian-clang 0.1.0 3.82 34.91 38.73 OK
r-devel-linux-x86_64-debian-gcc 0.1.0 3.23 27.09 30.32 OK
r-devel-linux-x86_64-fedora-clang 0.1.0 57.52 NOTE
r-devel-linux-x86_64-fedora-gcc 0.1.0 45.83 NOTE
r-devel-windows-ix86+x86_64 0.1.0 9.00 39.00 48.00 OK
r-patched-linux-x86_64 0.1.0 4.51 33.66 38.17 OK
r-patched-solaris-x86 0.1.0 67.90 NOTE
r-release-linux-x86_64 0.1.0 4.27 33.48 37.75 OK
r-release-macos-x86_64 0.1.0 NOTE
r-release-windows-ix86+x86_64 0.1.0 8.00 64.00 72.00 OK
r-oldrel-macos-x86_64 0.1.0 NOTE
r-oldrel-windows-ix86+x86_64 0.1.0 6.00 39.00 45.00 OK

Check Details

Version: 0.1.0
Check: dependencies in R code
Result: NOTE
    Namespace in Imports field not imported from: ‘pdftools’
     All declared Imports should be used.
Flavors: r-devel-linux-x86_64-fedora-clang, r-devel-linux-x86_64-fedora-gcc, r-patched-solaris-x86, r-release-macos-x86_64, r-oldrel-macos-x86_64