CRAN Package Check Results for Package speedglm

Last updated on 2022-10-05 16:49:12 CEST.

Flavor Version Tinstall Tcheck Ttotal Status Flags
r-devel-linux-x86_64-debian-clang 0.3-4 10.32 84.50 94.82 OK
r-devel-linux-x86_64-debian-gcc 0.3-4 7.03 64.29 71.32 OK
r-devel-linux-x86_64-fedora-clang 0.3-4 127.26 NOTE
r-devel-linux-x86_64-fedora-gcc 0.3-4 121.47 OK
r-devel-windows-x86_64 0.3-4 19.00 107.00 126.00 OK
r-patched-linux-x86_64 0.3-4 8.33 80.71 89.04 OK
r-release-linux-x86_64 0.3-4 9.41 80.06 89.47 OK
r-release-macos-arm64 0.3-4 33.00 OK
r-release-macos-x86_64 0.3-4 51.00 OK
r-release-windows-x86_64 0.3-4 18.00 106.00 124.00 OK
r-oldrel-macos-arm64 0.3-4 37.00 OK
r-oldrel-macos-x86_64 0.3-4 47.00 OK
r-oldrel-windows-ix86+x86_64 0.3-4 21.00 101.00 122.00 OK

Check Details

Version: 0.3-4
Check: Rd cross-references
Result: NOTE
    Undeclared package ‘biglm’ in Rd xrefs
Flavor: r-devel-linux-x86_64-fedora-clang