CRAN Package Check Results for Package spef

Last updated on 2019-03-23 16:48:24 CET.

Flavor Version Tinstall Tcheck Ttotal Status Flags
r-devel-linux-x86_64-debian-clang 1.0.8 21.50 87.21 108.71 WARN
r-devel-linux-x86_64-debian-gcc 1.0.8 16.22 70.10 86.32 OK
r-devel-linux-x86_64-fedora-clang 1.0.8 135.21 OK
r-devel-linux-x86_64-fedora-gcc 1.0.8 140.59 OK
r-devel-windows-ix86+x86_64 1.0.8 38.00 143.00 181.00 OK
r-patched-linux-x86_64 1.0.8 13.68 81.30 94.98 OK
r-patched-solaris-x86 1.0.8 183.80 OK
r-release-linux-x86_64 1.0.8 0.29 2.00 2.29 ERROR
r-release-windows-ix86+x86_64 1.0.8 25.00 114.00 139.00 OK
r-release-osx-x86_64 1.0.8 OK
r-oldrel-windows-ix86+x86_64 1.0.8 31.00 171.00 202.00 OK
r-oldrel-osx-x86_64 1.0.8 OK

Check Details

Version: 1.0.8
Check: whether package can be installed
Result: WARN
    Found the following significant warnings:
     Warning: unable to re-encode 'spef_pkg.R' lines 5, 6, 8
Flavor: r-devel-linux-x86_64-debian-clang

Version: 1.0.8
Check: whether package can be installed
Result: ERROR
    Installation failed.
Flavor: r-release-linux-x86_64