CRAN Package Check Results for Package spemd

Last updated on 2020-10-23 01:49:06 CEST.

Flavor Version Tinstall Tcheck Ttotal Status Flags
r-devel-linux-x86_64-debian-clang 0.1-1 13.92 140.34 154.26 NOTE
r-devel-linux-x86_64-debian-gcc 0.1-1 11.61 103.42 115.03 NOTE
r-devel-linux-x86_64-fedora-clang 0.1-1 191.89 NOTE
r-devel-linux-x86_64-fedora-gcc 0.1-1 187.76 NOTE
r-devel-windows-ix86+x86_64 0.1-1 36.00 150.00 186.00 OK
r-patched-linux-x86_64 0.1-1 13.09 124.14 137.23 NOTE
r-patched-solaris-x86 0.1-1 261.20 NOTE
r-release-linux-x86_64 0.1-1 14.29 126.25 140.54 NOTE
r-release-macos-x86_64 0.1-1 OK
r-release-windows-ix86+x86_64 0.1-1 26.00 111.00 137.00 OK
r-oldrel-macos-x86_64 0.1-1 OK
r-oldrel-windows-ix86+x86_64 0.1-1 32.00 109.00 141.00 OK

Check Details

Version: 0.1-1
Check: for non-standard things in the check directory
Result: NOTE
    Found the following files/directories:
     '.neig'
Flavors: r-devel-linux-x86_64-debian-clang, r-devel-linux-x86_64-debian-gcc, r-devel-linux-x86_64-fedora-clang, r-devel-linux-x86_64-fedora-gcc, r-patched-linux-x86_64, r-patched-solaris-x86, r-release-linux-x86_64