CRAN Package Check Results for Package sperrorest

Last updated on 2020-08-07 02:47:07 CEST.

Flavor Version Tinstall Tcheck Ttotal Status Flags
r-devel-linux-x86_64-debian-clang 3.0.1 6.74 112.75 119.49 OK --no-vignettes
r-devel-linux-x86_64-debian-gcc 3.0.1 5.38 77.42 82.80 OK --no-vignettes
r-devel-linux-x86_64-fedora-clang 3.0.1 1132.03 OK
r-devel-linux-x86_64-fedora-gcc 3.0.1 1104.94 OK
r-devel-windows-ix86+x86_64 3.0.1 13.00 438.00 451.00 OK
r-patched-linux-x86_64 3.0.1 6.62 108.91 115.53 OK --no-vignettes
r-patched-solaris-x86 3.0.1 2212.90 WARN
r-release-linux-x86_64 3.0.1 5.31 108.05 113.36 OK --no-vignettes
r-release-macos-x86_64 3.0.1 OK
r-release-windows-ix86+x86_64 3.0.1 15.00 537.00 552.00 OK
r-oldrel-macos-x86_64 3.0.1 OK
r-oldrel-windows-ix86+x86_64 3.0.1 8.00 466.00 474.00 OK

Check Details

Version: 3.0.1
Check: re-building of vignette outputs
Result: WARN
    Error(s) in re-building vignettes:
     ...
    --- re-building ‘custom-pred-and-model-functions.Rmd’ using rmarkdown
    Warning in engine$weave(file, quiet = quiet, encoding = enc) :
     Pandoc (>= 1.12.3) and/or pandoc-citeproc not available. Falling back to R Markdown v1.
    --- finished re-building ‘custom-pred-and-model-functions.Rmd’
    
    Cpu Limit Exceeded - core dumped
    --- re-building ‘spatial-modeling-use-case.Rmd’ using rmarkdown
    Warning in engine$weave(file, quiet = quiet, encoding = enc) :
     Pandoc (>= 1.12.3) and/or pandoc-citeproc not available. Falling back to R Markdown v1.
    SUMMARY: processing the following file failed:
     ‘spatial-modeling-use-case.Rmd’
    
    Error: Vignette re-building failed.
    Execution halted
Flavor: r-patched-solaris-x86