CRAN Package Check Results for Package sperrorest

Last updated on 2018-12-17 01:47:06 CET.

Flavor Version Tinstall Tcheck Ttotal Status Flags
r-devel-linux-x86_64-debian-clang 2.1.5 4.89 4.32 9.21 ERROR
r-devel-linux-x86_64-debian-gcc 2.1.5 4.65 2.37 7.02 ERROR
r-devel-linux-x86_64-fedora-clang 2.1.5 76.85 OK
r-devel-linux-x86_64-fedora-gcc 2.1.5 72.46 OK
r-devel-windows-ix86+x86_64 2.1.5 12.00 89.00 101.00 OK
r-patched-linux-x86_64 2.1.5 3.95 56.29 60.24 OK
r-patched-solaris-x86 2.1.5 105.70 OK
r-release-linux-x86_64 2.1.5 3.82 56.63 60.45 OK
r-release-windows-ix86+x86_64 2.1.5 13.00 88.00 101.00 OK
r-release-osx-x86_64 2.1.5 OK
r-oldrel-windows-ix86+x86_64 2.1.5 14.00 98.00 112.00 OK
r-oldrel-osx-x86_64 2.1.5 OK

Check Details

Version: 2.1.5
Check: whether the package can be loaded
Result: ERROR
    Loading this package had a fatal error status code 1
    Loading log:
    Error: package or namespace load failed for ‘sperrorest’ in dyn.load(file, DLLpath = DLLpath, ...):
     unable to load shared object ‘/home/hornik/tmp/R.check/r-devel-clang/Work/build/Packages/digest/libs/digest.so’:
     /home/hornik/tmp/R.check/r-devel-clang/Work/build/Packages/digest/libs/digest.so: failed to map segment from shared object
    Execution halted
Flavor: r-devel-linux-x86_64-debian-clang

Version: 2.1.5
Check: whether the package can be loaded
Result: ERROR
    Loading this package had a fatal error status code 1
    Loading log:
    Error: package or namespace load failed for ‘sperrorest’ in dyn.load(file, DLLpath = DLLpath, ...):
     unable to load shared object ‘/home/hornik/tmp/R.check/r-devel-gcc/Work/build/Packages/digest/libs/digest.so’:
     /home/hornik/tmp/R.check/r-devel-gcc/Work/build/Packages/digest/libs/digest.so: failed to map segment from shared object
    Execution halted
Flavor: r-devel-linux-x86_64-debian-gcc