CRAN Package Check Results for Package sperrorest

Last updated on 2022-08-17 21:52:51 CEST.

Flavor Version Tinstall Tcheck Ttotal Status Flags
r-devel-linux-x86_64-debian-clang 3.0.4 10.51 164.24 174.75 NOTE --no-vignettes
r-devel-linux-x86_64-debian-gcc 3.0.4 NOTE --no-vignettes
r-devel-linux-x86_64-fedora-clang 3.0.4 545.10 NOTE
r-devel-linux-x86_64-fedora-gcc 3.0.4 559.66 NOTE
r-devel-windows-x86_64 3.0.4 47.00 315.00 362.00 OK
r-patched-linux-x86_64 3.0.4 12.23 149.43 161.66 OK --no-vignettes
r-release-linux-x86_64 3.0.4 8.32 149.31 157.63 OK --no-vignettes
r-release-macos-arm64 3.0.4 167.00 OK
r-release-macos-x86_64 3.0.4 375.00 OK
r-release-windows-x86_64 3.0.4 57.00 316.00 373.00 OK
r-oldrel-macos-arm64 3.0.4 411.00 OK
r-oldrel-macos-x86_64 3.0.4 74.00 OK
r-oldrel-windows-ix86+x86_64 3.0.4 20.00 194.00 214.00 OK

Check Details

Version: 3.0.4
Flags: --no-vignettes
Check: HTML version of manual
Result: NOTE
    Found the following HTML validation problems:
    sperrorest.html:259:71: Warning: inserting implicit <p>
    sperrorest.html:259:71: Warning: trimming empty <p>
Flavors: r-devel-linux-x86_64-debian-clang, r-devel-linux-x86_64-debian-gcc

Version: 3.0.4
Check: HTML version of manual
Result: NOTE
    Found the following HTML validation problems:
    sperrorest.html:259:71: Warning: inserting implicit <p>
    sperrorest.html:259:71: Warning: trimming empty <p>
Flavors: r-devel-linux-x86_64-fedora-clang, r-devel-linux-x86_64-fedora-gcc