CRAN Package Check Results for Package sphunif

Last updated on 2021-10-24 01:51:46 CEST.

Flavor Version Tinstall Tcheck Ttotal Status Flags
r-devel-linux-x86_64-debian-clang 1.0.1 175.33 148.20 323.53 OK
r-devel-linux-x86_64-debian-gcc 1.0.1 145.14 106.58 251.72 OK
r-devel-linux-x86_64-fedora-clang 1.0.1 499.36 NOTE
r-devel-linux-x86_64-fedora-gcc 1.0.1 462.45 NOTE
r-devel-windows-x86_64 1.0.1 237.00 313.00 550.00 OK
r-devel-windows-x86_64-gcc10-UCRT 1.0.1 NOTE
r-patched-linux-x86_64 1.0.1 176.04 143.66 319.70 OK
r-patched-solaris-x86 1.0.1 717.80 NOTE
r-release-linux-x86_64 1.0.1 165.54 140.68 306.22 OK
r-release-macos-arm64 1.0.1 NOTE
r-release-macos-x86_64 1.0.1 NOTE
r-release-windows-ix86+x86_64 1.0.1 316.00 492.00 808.00 OK
r-oldrel-macos-x86_64 1.0.1 NOTE
r-oldrel-windows-ix86+x86_64 1.0.1 482.00 489.00 971.00 OK

Check Details

Version: 1.0.1
Check: installed package size
Result: NOTE
     installed size is 16.1Mb
     sub-directories of 1Mb or more:
     libs 15.2Mb
Flavors: r-devel-linux-x86_64-fedora-clang, r-release-macos-arm64, r-release-macos-x86_64, r-oldrel-macos-x86_64

Version: 1.0.1
Check: data for non-ASCII characters
Result: NOTE
     Note: found 189 marked UTF-8 strings
Flavors: r-devel-linux-x86_64-fedora-clang, r-devel-linux-x86_64-fedora-gcc, r-devel-windows-x86_64-gcc10-UCRT, r-patched-solaris-x86, r-release-macos-arm64, r-release-macos-x86_64, r-oldrel-macos-x86_64