CRAN Package Check Results for Package spiR

Last updated on 2022-08-17 01:52:21 CEST.

Flavor Version Tinstall Tcheck Ttotal Status Flags
r-devel-linux-x86_64-debian-clang 0.2.1 8.59 82.55 91.14 NOTE
r-devel-linux-x86_64-debian-gcc 0.2.1 7.85 60.49 68.34 NOTE
r-devel-linux-x86_64-fedora-clang 0.2.1 116.99 NOTE
r-devel-linux-x86_64-fedora-gcc 0.2.1 113.40 NOTE
r-devel-windows-x86_64 0.2.1 14.00 106.00 120.00 NOTE
r-patched-linux-x86_64 0.2.1 8.82 75.81 84.63 NOTE
r-release-linux-x86_64 0.2.1 6.80 76.56 83.36 NOTE
r-release-macos-arm64 0.2.1 43.00 NOTE
r-release-macos-x86_64 0.2.1 63.00 NOTE
r-release-windows-x86_64 0.2.1 16.00 103.00 119.00 NOTE
r-oldrel-macos-arm64 0.2.1 43.00 NOTE
r-oldrel-macos-x86_64 0.2.1 69.00 NOTE
r-oldrel-windows-ix86+x86_64 0.2.1 22.00 105.00 127.00 NOTE

Check Details

Version: 0.2.1
Check: LazyData
Result: NOTE
     'LazyData' is specified without a 'data' directory
Flavors: r-devel-linux-x86_64-debian-clang, r-devel-linux-x86_64-debian-gcc, r-devel-linux-x86_64-fedora-clang, r-devel-linux-x86_64-fedora-gcc, r-devel-windows-x86_64, r-patched-linux-x86_64, r-release-linux-x86_64, r-release-macos-arm64, r-release-macos-x86_64, r-release-windows-x86_64, r-oldrel-macos-arm64, r-oldrel-macos-x86_64, r-oldrel-windows-ix86+x86_64

Version: 0.2.1
Check: dependencies in R code
Result: NOTE
    Namespace in Imports field not imported from: ‘readr’
     All declared Imports should be used.
Flavors: r-devel-linux-x86_64-fedora-clang, r-devel-linux-x86_64-fedora-gcc, r-release-macos-arm64, r-release-macos-x86_64, r-oldrel-macos-arm64, r-oldrel-macos-x86_64