CRAN Package Check Results for Package spider

Last updated on 2021-10-21 16:50:00 CEST.

Flavor Version Tinstall Tcheck Ttotal Status Flags
r-devel-linux-x86_64-debian-clang 1.5.0 13.76 130.03 143.79 OK
r-devel-linux-x86_64-debian-gcc 1.5.0 11.63 98.88 110.51 OK
r-devel-linux-x86_64-fedora-clang 1.5.0 183.63 OK
r-devel-linux-x86_64-fedora-gcc 1.5.0 169.97 OK
r-devel-windows-x86_64 1.5.0 22.00 145.00 167.00 OK
r-devel-windows-x86_64-gcc10-UCRT 1.5.0 ERROR
r-patched-linux-x86_64 1.5.0 19.93 122.95 142.88 OK
r-patched-solaris-x86 1.5.0 256.60 OK
r-release-linux-x86_64 1.5.0 12.16 123.87 136.03 OK
r-release-macos-arm64 1.5.0 OK
r-release-macos-x86_64 1.5.0 OK
r-release-windows-ix86+x86_64 1.5.0 23.00 165.00 188.00 OK
r-oldrel-macos-x86_64 1.5.0 OK
r-oldrel-windows-ix86+x86_64 1.5.0 50.00 238.00 288.00 OK

Check Details

Version: 1.5.0
Check: package dependencies
Result: ERROR
    Package required but not available: 'pegas'
    
    See section 'The DESCRIPTION file' in the 'Writing R Extensions'
    manual.
Flavor: r-devel-windows-x86_64-gcc10-UCRT