CRAN Package Check Results for Package spikes

Last updated on 2019-03-23 15:48:23 CET.

Flavor Version Tinstall Tcheck Ttotal Status Flags
r-devel-linux-x86_64-debian-clang 1.1 3.63 30.75 34.38 OK
r-devel-linux-x86_64-debian-gcc 1.1 2.52 25.26 27.78 OK
r-devel-linux-x86_64-fedora-clang 1.1 40.87 OK
r-devel-linux-x86_64-fedora-gcc 1.1 45.13 OK
r-devel-windows-ix86+x86_64 1.1 10.00 56.00 66.00 OK
r-patched-linux-x86_64 1.1 2.42 28.08 30.50 OK
r-patched-solaris-x86 1.1 58.50 OK
r-release-linux-x86_64 1.1 0.35 1.93 2.28 ERROR
r-release-windows-ix86+x86_64 1.1 5.00 42.00 47.00 OK
r-release-osx-x86_64 1.1 OK
r-oldrel-windows-ix86+x86_64 1.1 10.00 60.00 70.00 OK
r-oldrel-osx-x86_64 1.1 OK

Check Details

Version: 1.1
Check: whether package can be installed
Result: ERROR
    Installation failed.
Flavor: r-release-linux-x86_64