Last updated on 2023-02-06 00:52:44 CET.
Flavor | Version | Tinstall | Tcheck | Ttotal | Status | Flags |
---|---|---|---|---|---|---|
r-devel-linux-x86_64-debian-clang | 0.3.6 | 9.70 | 349.60 | 359.30 | NOTE | |
r-devel-linux-x86_64-debian-gcc | 0.3.6 | 7.41 | 246.91 | 254.32 | NOTE | |
r-devel-linux-x86_64-fedora-clang | 0.3.6 | 415.58 | NOTE | |||
r-devel-linux-x86_64-fedora-gcc | 0.3.6 | 393.62 | NOTE | |||
r-devel-windows-x86_64 | 0.3.6 | 50.00 | 413.00 | 463.00 | NOTE | |
r-patched-linux-x86_64 | 0.3.6 | 8.51 | 318.55 | 327.06 | OK | |
r-release-linux-x86_64 | 0.3.6 | 6.75 | 315.70 | 322.45 | OK | |
r-release-macos-arm64 | 0.3.6 | 165.00 | OK | |||
r-release-macos-x86_64 | 0.3.6 | 212.00 | OK | |||
r-release-windows-x86_64 | 0.3.6 | 39.00 | 425.00 | 464.00 | OK | |
r-oldrel-macos-arm64 | 0.3.6 | 136.00 | OK | |||
r-oldrel-macos-x86_64 | 0.3.6 | 143.00 | OK | |||
r-oldrel-windows-ix86+x86_64 | 0.3.6 | 19.00 | 384.00 | 403.00 | OK |
Version: 0.3.6
Check: Rd files
Result: NOTE
checkRd: (-1) PimaIndiansDiabetes_long.Rd:14: Escaped LaTeX specials: \^
checkRd: (-1) PimaIndiansDiabetes_wide.Rd:16: Escaped LaTeX specials: \^
Flavors: r-devel-linux-x86_64-debian-clang, r-devel-linux-x86_64-debian-gcc, r-devel-linux-x86_64-fedora-clang, r-devel-linux-x86_64-fedora-gcc, r-devel-windows-x86_64