CRAN Package Check Results for Package spiritR

Last updated on 2022-08-09 09:53:05 CEST.

Flavor Version Tinstall Tcheck Ttotal Status Flags
r-devel-linux-x86_64-debian-clang 0.1.1 2.90 27.04 29.94 NOTE
r-devel-linux-x86_64-debian-gcc 0.1.1 2.10 21.23 23.33 NOTE
r-devel-linux-x86_64-fedora-clang 0.1.1 47.99 NOTE
r-devel-linux-x86_64-fedora-gcc 0.1.1 46.23 NOTE
r-devel-windows-x86_64 0.1.1 15.00 62.00 77.00 NOTE
r-patched-linux-x86_64 0.1.1 2.52 26.15 28.67 NOTE
r-release-linux-x86_64 0.1.1 NOTE
r-release-macos-arm64 0.1.1 16.00 NOTE
r-release-macos-x86_64 0.1.1 24.00 NOTE
r-release-windows-x86_64 0.1.1 15.00 55.00 70.00 NOTE
r-oldrel-macos-arm64 0.1.1 21.00 NOTE
r-oldrel-macos-x86_64 0.1.1 25.00 NOTE
r-oldrel-windows-ix86+x86_64 0.1.1 7.00 47.00 54.00 NOTE

Check Details

Version: 0.1.1
Check: LazyData
Result: NOTE
     'LazyData' is specified without a 'data' directory
Flavors: r-devel-linux-x86_64-debian-clang, r-devel-linux-x86_64-debian-gcc, r-devel-linux-x86_64-fedora-clang, r-devel-linux-x86_64-fedora-gcc, r-devel-windows-x86_64, r-patched-linux-x86_64, r-release-linux-x86_64, r-release-macos-arm64, r-release-macos-x86_64, r-release-windows-x86_64, r-oldrel-macos-arm64, r-oldrel-macos-x86_64, r-oldrel-windows-ix86+x86_64