CRAN Package Check Results for Package spiritR

Last updated on 2022-12-08 00:52:32 CET.

Flavor Version Tinstall Tcheck Ttotal Status Flags
r-devel-linux-x86_64-debian-clang 0.1.1 2.78 28.70 31.48 NOTE
r-devel-linux-x86_64-debian-gcc 0.1.1 1.65 22.05 23.70 NOTE
r-devel-linux-x86_64-fedora-clang 0.1.1 49.05 NOTE
r-devel-linux-x86_64-fedora-gcc 0.1.1 58.23 NOTE
r-devel-windows-x86_64 0.1.1 25.00 58.00 83.00 NOTE
r-patched-linux-x86_64 0.1.1 2.79 27.15 29.94 NOTE
r-release-linux-x86_64 0.1.1 2.02 27.08 29.10 NOTE
r-release-macos-arm64 0.1.1 16.00 NOTE
r-release-macos-x86_64 0.1.1 24.00 NOTE
r-release-windows-x86_64 0.1.1 30.00 60.00 90.00 NOTE
r-oldrel-macos-arm64 0.1.1 21.00 NOTE
r-oldrel-macos-x86_64 0.1.1 25.00 NOTE
r-oldrel-windows-ix86+x86_64 0.1.1 7.00 54.00 61.00 NOTE

Check Details

Version: 0.1.1
Check: LazyData
Result: NOTE
     'LazyData' is specified without a 'data' directory
Flavors: r-devel-linux-x86_64-debian-clang, r-devel-linux-x86_64-debian-gcc, r-devel-linux-x86_64-fedora-clang, r-devel-linux-x86_64-fedora-gcc, r-devel-windows-x86_64, r-patched-linux-x86_64, r-release-linux-x86_64, r-release-macos-arm64, r-release-macos-x86_64, r-release-windows-x86_64, r-oldrel-macos-arm64, r-oldrel-macos-x86_64, r-oldrel-windows-ix86+x86_64