Last updated on 2023-11-30 15:48:32 CET.
Flavor | Version | Tinstall | Tcheck | Ttotal | Status | Flags |
---|---|---|---|---|---|---|
r-devel-linux-x86_64-debian-clang | 0.5.1 | 43.27 | 48.81 | 92.08 | OK | |
r-devel-linux-x86_64-debian-gcc | 0.5.1 | 32.32 | 38.21 | 70.53 | OK | |
r-devel-linux-x86_64-fedora-clang | 0.5.1 | 129.17 | OK | |||
r-devel-linux-x86_64-fedora-gcc | 0.5.1 | 139.72 | OK | |||
r-devel-windows-x86_64 | 0.5.1 | 35.00 | 88.00 | 123.00 | OK | |
r-patched-linux-x86_64 | 0.5.1 | 38.51 | 48.29 | 86.80 | OK | |
r-release-linux-x86_64 | 0.5.1 | 40.79 | 48.27 | 89.06 | OK | |
r-release-macos-arm64 | 0.5.1 | 49.00 | NOTE | |||
r-release-macos-x86_64 | 0.5.1 | 138.00 | NOTE | |||
r-release-windows-x86_64 | 0.5.1 | 46.00 | 97.00 | 143.00 | OK | |
r-oldrel-macos-arm64 | 0.5.1 | 42.00 | NOTE | |||
r-oldrel-macos-x86_64 | 0.5.1 | 100.00 | NOTE | |||
r-oldrel-windows-x86_64 | 0.5.1 | 44.00 | 102.00 | 146.00 | OK |
Version: 0.5.1
Check: installed package size
Result: NOTE
installed size is 5.1Mb
sub-directories of 1Mb or more:
doc 1.2Mb
libs 3.3Mb
Flavors: r-release-macos-arm64, r-release-macos-x86_64, r-oldrel-macos-arm64, r-oldrel-macos-x86_64