CRAN Package Check Results for Package splines2

Last updated on 2022-07-04 04:54:36 CEST.

Flavor Version Tinstall Tcheck Ttotal Status Flags
r-devel-linux-x86_64-debian-clang 0.4.5 105.61 44.52 150.13 NOTE
r-devel-linux-x86_64-debian-gcc 0.4.5 97.15 33.98 131.13 NOTE
r-devel-linux-x86_64-fedora-clang 0.4.5 256.69 NOTE
r-devel-linux-x86_64-fedora-gcc 0.4.5 226.46 NOTE
r-devel-windows-x86_64 0.4.5 117.00 102.00 219.00 NOTE
r-patched-linux-x86_64 0.4.5 97.92 43.15 141.07 OK
r-release-linux-x86_64 0.4.5 100.46 42.60 143.06 OK
r-release-macos-arm64 0.4.5 55.00 NOTE
r-release-macos-x86_64 0.4.5 79.00 NOTE
r-release-windows-x86_64 0.4.5 123.00 101.00 224.00 OK
r-oldrel-macos-arm64 0.4.5 45.00 NOTE
r-oldrel-macos-x86_64 0.4.5 109.00 NOTE
r-oldrel-windows-ix86+x86_64 0.4.5 286.00 122.00 408.00 OK

Check Details

Version: 0.4.5
Check: Rd files
Result: NOTE
    checkRd: (-1) mSpline.Rd:164: Escaped LaTeX specials: \&
Flavors: r-devel-linux-x86_64-debian-clang, r-devel-linux-x86_64-debian-gcc, r-devel-linux-x86_64-fedora-clang, r-devel-linux-x86_64-fedora-gcc, r-devel-windows-x86_64

Version: 0.4.5
Check: installed package size
Result: NOTE
     installed size is 5.5Mb
     sub-directories of 1Mb or more:
     libs 4.1Mb
Flavors: r-release-macos-arm64, r-release-macos-x86_64, r-oldrel-macos-arm64, r-oldrel-macos-x86_64