CRAN Package Check Results for Package splitfngr

Last updated on 2023-03-25 21:53:07 CET.

Flavor Version Tinstall Tcheck Ttotal Status Flags
r-devel-linux-x86_64-debian-clang 0.1.2 1.96 20.97 22.93 NOTE
r-devel-linux-x86_64-debian-gcc 0.1.2 1.66 16.87 18.53 NOTE
r-devel-linux-x86_64-fedora-clang 0.1.2 30.32 NOTE
r-devel-linux-x86_64-fedora-gcc 0.1.2 28.93 NOTE
r-patched-linux-x86_64 0.1.2 1.63 21.54 23.17 NOTE
r-release-linux-x86_64 0.1.2 1.77 21.84 23.61 NOTE
r-release-macos-arm64 0.1.2 15.00 NOTE
r-release-macos-x86_64 0.1.2 20.00 NOTE
r-release-windows-x86_64 0.1.2 14.00 50.00 64.00 NOTE
r-oldrel-macos-arm64 0.1.2 25.00 NOTE
r-oldrel-macos-x86_64 0.1.2 24.00 NOTE
r-oldrel-windows-ix86+x86_64 0.1.2 5.00 48.00 53.00 NOTE

Check Details

Version: 0.1.2
Check: LazyData
Result: NOTE
     'LazyData' is specified without a 'data' directory
Flavors: r-devel-linux-x86_64-debian-clang, r-devel-linux-x86_64-debian-gcc, r-devel-linux-x86_64-fedora-clang, r-devel-linux-x86_64-fedora-gcc, r-patched-linux-x86_64, r-release-linux-x86_64, r-release-macos-arm64, r-release-macos-x86_64, r-release-windows-x86_64, r-oldrel-macos-arm64, r-oldrel-macos-x86_64, r-oldrel-windows-ix86+x86_64