Last updated on 2023-09-28 12:59:28 CEST.
Flavor | Version | Tinstall | Tcheck | Ttotal | Status | Flags |
---|---|---|---|---|---|---|
r-devel-linux-x86_64-debian-clang | 0.1.2 | 2.07 | 21.32 | 23.39 | NOTE | |
r-devel-linux-x86_64-debian-gcc | 0.1.2 | 1.62 | 17.01 | 18.63 | NOTE | |
r-devel-linux-x86_64-fedora-clang | 0.1.2 | 29.99 | NOTE | |||
r-devel-linux-x86_64-fedora-gcc | 0.1.2 | 28.50 | NOTE | |||
r-devel-windows-x86_64 | 0.1.2 | 3.00 | 41.00 | 44.00 | NOTE | |
r-patched-linux-x86_64 | 0.1.2 | 1.95 | 21.32 | 23.27 | NOTE | |
r-release-linux-x86_64 | 0.1.2 | 2.06 | 21.39 | 23.45 | NOTE | |
r-release-macos-arm64 | 0.1.2 | 16.00 | NOTE | |||
r-release-macos-x86_64 | 0.1.2 | 19.00 | NOTE | |||
r-release-windows-x86_64 | 0.1.2 | 3.00 | 40.00 | 43.00 | NOTE | |
r-oldrel-macos-arm64 | 0.1.2 | 16.00 | NOTE | |||
r-oldrel-macos-x86_64 | 0.1.2 | 20.00 | NOTE | |||
r-oldrel-windows-x86_64 | 0.1.2 | 5.00 | 42.00 | 47.00 | NOTE |
Version: 0.1.2
Check: LazyData
Result: NOTE
'LazyData' is specified without a 'data' directory
Flavors: r-devel-linux-x86_64-debian-clang, r-devel-linux-x86_64-debian-gcc, r-devel-linux-x86_64-fedora-clang, r-devel-linux-x86_64-fedora-gcc, r-devel-windows-x86_64, r-patched-linux-x86_64, r-release-linux-x86_64, r-release-macos-arm64, r-release-macos-x86_64, r-release-windows-x86_64, r-oldrel-macos-arm64, r-oldrel-macos-x86_64, r-oldrel-windows-x86_64