CRAN Package Check Results for Package splusTimeDate

Last updated on 2022-12-08 04:57:16 CET.

Flavor Version Tinstall Tcheck Ttotal Status Flags
r-devel-linux-x86_64-debian-clang 2.5.4 20.51 67.09 87.60 WARN
r-devel-linux-x86_64-debian-gcc 2.5.4 18.88 59.35 78.23 WARN
r-devel-linux-x86_64-fedora-clang 2.5.4 128.64 WARN
r-devel-linux-x86_64-fedora-gcc 2.5.4 117.36 WARN
r-devel-windows-x86_64 2.5.4 194.00 128.00 322.00 OK
r-patched-linux-x86_64 2.5.4 22.25 61.97 84.22 OK
r-release-linux-x86_64 2.5.4 19.05 61.64 80.69 OK
r-release-macos-arm64 2.5.4 32.00 OK
r-release-macos-x86_64 2.5.4 44.00 OK
r-release-windows-x86_64 2.5.4 55.00 95.00 150.00 OK
r-oldrel-macos-arm64 2.5.4 29.00 OK
r-oldrel-macos-x86_64 2.5.4 44.00 OK
r-oldrel-windows-ix86+x86_64 2.5.4 50.00 99.00 149.00 OK

Check Details

Version: 2.5.4
Check: whether package can be installed
Result: WARN
    Found the following significant warnings:
     timeObj.c:34:22: warning: a function declaration without a prototype is deprecated in all versions of C [-Wstrict-prototypes]
     timeObj.c:63:22: warning: a function declaration without a prototype is deprecated in all versions of C [-Wstrict-prototypes]
     zoneObj.c:29:22: warning: a function declaration without a prototype is deprecated in all versions of C [-Wstrict-prototypes]
     zoneObj.c:52:22: warning: a function declaration without a prototype is deprecated in all versions of C [-Wstrict-prototypes]
Flavors: r-devel-linux-x86_64-debian-clang, r-devel-linux-x86_64-fedora-clang

Version: 2.5.4
Check: compiled code
Result: WARN
    File 'splusTimeDate/libs/splusTimeDate.so':
     Found '__sprintf_chk', possibly from 'sprintf' (C)
     Objects: 'timeFormat.o', 'timeSpanFormat.o'
    
    Compiled code should not call entry points which might terminate R nor
    write to stdout/stderr instead of to the console, nor use Fortran I/O
    nor system RNGs nor [v]sprintf.
    
    See 'Writing portable packages' in the 'Writing R Extensions' manual.
Flavor: r-devel-linux-x86_64-debian-clang

Version: 2.5.4
Check: whether package can be installed
Result: WARN
    Found the following significant warnings:
     timeObj.c:34:1: warning: function declaration isn’t a prototype [-Wstrict-prototypes]
     timeObj.c:63:13: warning: function declaration isn’t a prototype [-Wstrict-prototypes]
     zoneObj.c:29:1: warning: function declaration isn’t a prototype [-Wstrict-prototypes]
     zoneObj.c:52:13: warning: function declaration isn’t a prototype [-Wstrict-prototypes]
Flavors: r-devel-linux-x86_64-debian-gcc, r-devel-linux-x86_64-fedora-gcc

Version: 2.5.4
Check: compiled code
Result: WARN
    File ‘splusTimeDate/libs/splusTimeDate.so’:
     Found ‘__sprintf_chk’, possibly from ‘sprintf’ (C)
     Objects: ‘timeFormat.o’, ‘timeSpanFormat.o’
     Found ‘sprintf’, possibly from ‘sprintf’ (C)
     Object: ‘timeFormat.o’
    
    Compiled code should not call entry points which might terminate R nor
    write to stdout/stderr instead of to the console, nor use Fortran I/O
    nor system RNGs nor [v]sprintf.
    
    See ‘Writing portable packages’ in the ‘Writing R Extensions’ manual.
Flavors: r-devel-linux-x86_64-debian-gcc, r-devel-linux-x86_64-fedora-gcc

Version: 2.5.4
Check: compiled code
Result: WARN
    File ‘splusTimeDate/libs/splusTimeDate.so’:
     Found ‘sprintf’, possibly from ‘sprintf’ (C)
     Objects: ‘timeFormat.o’, ‘timeSpanFormat.o’
    
    Compiled code should not call entry points which might terminate R nor
    write to stdout/stderr instead of to the console, nor use Fortran I/O
    nor system RNGs nor [v]sprintf.
    
    See ‘Writing portable packages’ in the ‘Writing R Extensions’ manual.
Flavor: r-devel-linux-x86_64-fedora-clang