Last updated on 2022-06-30 17:49:57 CEST.
Flavor | Version | Tinstall | Tcheck | Ttotal | Status | Flags |
---|---|---|---|---|---|---|
r-devel-linux-x86_64-debian-clang | 0.1.0 | 6.00 | 258.84 | 264.84 | OK | |
r-devel-linux-x86_64-debian-gcc | 0.1.0 | 4.34 | 190.67 | 195.01 | OK | |
r-devel-linux-x86_64-fedora-clang | 0.1.0 | 306.23 | NOTE | |||
r-devel-linux-x86_64-fedora-gcc | 0.1.0 | 311.17 | NOTE | |||
r-devel-windows-x86_64 | 0.1.0 | 10.00 | 290.00 | 300.00 | OK | |
r-patched-linux-x86_64 | 0.1.0 | 3.88 | 237.97 | 241.85 | OK | |
r-release-linux-x86_64 | 0.1.0 | 4.39 | 239.97 | 244.36 | OK | |
r-release-macos-arm64 | 0.1.0 | 85.00 | NOTE | |||
r-release-macos-x86_64 | 0.1.0 | 126.00 | NOTE | |||
r-release-windows-x86_64 | 0.1.0 | 16.00 | 282.00 | 298.00 | OK | |
r-oldrel-macos-arm64 | 0.1.0 | 87.00 | NOTE | |||
r-oldrel-macos-x86_64 | 0.1.0 | 96.00 | NOTE | |||
r-oldrel-windows-ix86+x86_64 | 0.1.0 | 17.00 | 299.00 | 316.00 | OK |
Version: 0.1.0
Check: dependencies in R code
Result: NOTE
Namespaces in Imports field not imported from:
‘rmarkdown’ ‘tmap’
All declared Imports should be used.
Flavors: r-devel-linux-x86_64-fedora-clang, r-devel-linux-x86_64-fedora-gcc, r-release-macos-arm64, r-release-macos-x86_64, r-oldrel-macos-arm64, r-oldrel-macos-x86_64