CRAN Package Check Results for Package spnet

Last updated on 2021-10-28 18:51:28 CEST.

Flavor Version Tinstall Tcheck Ttotal Status Flags
r-devel-linux-x86_64-debian-clang 0.9.1-0 10.00 62.70 72.70 OK
r-devel-linux-x86_64-debian-gcc 0.9.1-0 7.55 48.76 56.31 OK
r-devel-linux-x86_64-fedora-clang 0.9.1-0 99.30 NOTE
r-devel-linux-x86_64-fedora-gcc 0.9.1-0 87.74 NOTE
r-devel-windows-x86_64 0.9.1-0 18.00 59.00 77.00 OK
r-devel-windows-x86_64-gcc10-UCRT 0.9.1-0 NOTE
r-patched-linux-x86_64 0.9.1-0 13.86 61.44 75.30 OK
r-patched-solaris-x86 0.9.1-0 112.70 NOTE
r-release-linux-x86_64 0.9.1-0 10.56 60.95 71.51 OK
r-release-macos-arm64 0.9.1-0 NOTE
r-release-macos-x86_64 0.9.1-0 NOTE
r-release-windows-ix86+x86_64 0.9.1-0 14.00 81.00 95.00 OK
r-oldrel-macos-x86_64 0.9.1-0 NOTE
r-oldrel-windows-ix86+x86_64 0.9.1-0 16.00 76.00 92.00 OK

Check Details

Version: 0.9.1-0
Check: data for non-ASCII characters
Result: NOTE
     Note: found 1 marked UTF-8 string
Flavors: r-devel-linux-x86_64-fedora-clang, r-devel-linux-x86_64-fedora-gcc, r-devel-windows-x86_64-gcc10-UCRT, r-patched-solaris-x86, r-release-macos-arm64, r-release-macos-x86_64, r-oldrel-macos-x86_64

Version: 0.9.1-0
Check: installed package size
Result: NOTE
     installed size is 5.0Mb
     sub-directories of 1Mb or more:
     doc 3.6Mb
Flavor: r-patched-solaris-x86