CRAN Package Check Results for Package spnet

Last updated on 2020-01-28 19:49:20 CET.

Flavor Version Tinstall Tcheck Ttotal Status Flags
r-devel-linux-x86_64-debian-clang 0.9.1-0 12.31 63.37 75.68 OK
r-devel-linux-x86_64-debian-gcc 0.9.1-0 8.40 49.84 58.24 OK
r-devel-linux-x86_64-fedora-clang 0.9.1-0 88.34 NOTE
r-devel-linux-x86_64-fedora-gcc 0.9.1-0 87.62 NOTE
r-devel-windows-ix86+x86_64 0.9.1-0 22.00 84.00 106.00 OK
r-devel-windows-ix86+x86_64-gcc8 0.9.1-0 28.00 90.00 118.00 OK
r-patched-linux-x86_64 0.9.1-0 OK
r-patched-solaris-x86 0.9.1-0 94.40 NOTE
r-release-linux-x86_64 0.9.1-0 8.51 56.96 65.47 OK
r-release-windows-ix86+x86_64 0.9.1-0 14.00 63.00 77.00 OK
r-release-osx-x86_64 0.9.1-0 NOTE
r-oldrel-windows-ix86+x86_64 0.9.1-0 18.00 59.00 77.00 OK
r-oldrel-osx-x86_64 0.9.1-0 NOTE

Check Details

Version: 0.9.1-0
Check: data for non-ASCII characters
Result: NOTE
     Note: found 1 marked UTF-8 string
Flavors: r-devel-linux-x86_64-fedora-clang, r-devel-linux-x86_64-fedora-gcc, r-patched-solaris-x86, r-release-osx-x86_64, r-oldrel-osx-x86_64

Version: 0.9.1-0
Check: installed package size
Result: NOTE
     installed size is 5.0Mb
     sub-directories of 1Mb or more:
     doc 3.6Mb
Flavor: r-patched-solaris-x86