CRAN Package Check Results for Package spnet

Last updated on 2022-09-28 13:52:04 CEST.

Flavor Version Tinstall Tcheck Ttotal Status Flags
r-devel-linux-x86_64-debian-clang 0.9.1-0 9.05 67.64 76.69 OK
r-devel-linux-x86_64-debian-gcc 0.9.1-0 8.72 52.37 61.09 OK
r-devel-linux-x86_64-fedora-clang 0.9.1-0 109.12 NOTE
r-devel-linux-x86_64-fedora-gcc 0.9.1-0 105.40 NOTE
r-devel-windows-x86_64 0.9.1-0 88.00 116.00 204.00 OK
r-patched-linux-x86_64 0.9.1-0 11.17 63.36 74.53 OK
r-release-linux-x86_64 0.9.1-0 10.29 62.28 72.57 OK
r-release-macos-arm64 0.9.1-0 29.00 NOTE
r-release-macos-x86_64 0.9.1-0 40.00 NOTE
r-release-windows-x86_64 0.9.1-0 81.00 94.00 175.00 OK
r-oldrel-macos-arm64 0.9.1-0 32.00 NOTE
r-oldrel-macos-x86_64 0.9.1-0 55.00 NOTE
r-oldrel-windows-ix86+x86_64 0.9.1-0 22.00 88.00 110.00 OK

Check Details

Version: 0.9.1-0
Check: data for non-ASCII characters
Result: NOTE
     Note: found 1 marked UTF-8 string
Flavors: r-devel-linux-x86_64-fedora-clang, r-devel-linux-x86_64-fedora-gcc, r-release-macos-arm64, r-release-macos-x86_64, r-oldrel-macos-arm64, r-oldrel-macos-x86_64