CRAN Package Check Results for Package spnet

Last updated on 2020-09-23 15:28:16 CEST.

Flavor Version Tinstall Tcheck Ttotal Status Flags
r-devel-linux-x86_64-debian-clang 0.9.1-0 9.89 61.74 71.63 OK
r-devel-linux-x86_64-debian-gcc 0.9.1-0 7.81 49.31 57.12 OK
r-devel-linux-x86_64-fedora-clang 0.9.1-0 103.98 NOTE
r-devel-linux-x86_64-fedora-gcc 0.9.1-0 87.19 NOTE
r-devel-windows-ix86+x86_64 0.9.1-0 21.00 58.00 79.00 OK
r-patched-linux-x86_64 0.9.1-0 10.20 59.28 69.48 OK
r-patched-solaris-x86 0.9.1-0 106.70 NOTE
r-release-linux-x86_64 0.9.1-0 9.82 59.64 69.46 OK
r-release-macos-x86_64 0.9.1-0 NOTE
r-release-windows-ix86+x86_64 0.9.1-0 17.00 99.00 116.00 OK
r-oldrel-macos-x86_64 0.9.1-0 NOTE
r-oldrel-windows-ix86+x86_64 0.9.1-0 10.00 79.00 89.00 OK

Check Details

Version: 0.9.1-0
Check: data for non-ASCII characters
Result: NOTE
     Note: found 1 marked UTF-8 string
Flavors: r-devel-linux-x86_64-fedora-clang, r-devel-linux-x86_64-fedora-gcc, r-patched-solaris-x86, r-release-macos-x86_64, r-oldrel-macos-x86_64

Version: 0.9.1-0
Check: installed package size
Result: NOTE
     installed size is 5.0Mb
     sub-directories of 1Mb or more:
     doc 3.6Mb
Flavor: r-patched-solaris-x86