CRAN Package Check Results for Package spocc

Last updated on 2025-01-21 07:49:25 CET.

Flavor Version Tinstall Tcheck Ttotal Status Flags
r-devel-linux-x86_64-debian-clang 1.2.3 11.25 68.72 79.97 NOTE
r-devel-linux-x86_64-debian-gcc 1.2.3 6.95 49.92 56.87 NOTE
r-devel-linux-x86_64-fedora-clang 1.2.3 124.86 OK
r-devel-linux-x86_64-fedora-gcc 1.2.3 115.10 OK
r-devel-windows-x86_64 1.2.3 10.00 87.00 97.00 NOTE
r-patched-linux-x86_64 1.2.3 18.40 63.20 81.60 NOTE
r-release-linux-x86_64 1.2.3 8.69 63.87 72.56 NOTE
r-release-macos-arm64 1.2.3 37.00 OK
r-release-macos-x86_64 1.2.3 89.00 OK
r-release-windows-x86_64 1.2.3 11.00 91.00 102.00 OK
r-oldrel-macos-arm64 1.2.3 40.00 OK
r-oldrel-macos-x86_64 1.2.3 70.00 OK
r-oldrel-windows-x86_64 1.2.3 15.00 104.00 119.00 OK

Check Details

Version: 1.2.3
Check: Rd cross-references
Result: NOTE Found the following Rd file(s) with Rd \link{} targets missing package anchors: as.idigbio.Rd: idig_search_records Please provide package anchors for all Rd \link{} targets not in the package itself and the base packages. Flavors: r-devel-linux-x86_64-debian-clang, r-devel-linux-x86_64-debian-gcc, r-devel-windows-x86_64

Version: 1.2.3
Check: package dependencies
Result: NOTE Package suggested but not available for checking: ‘taxize’ Flavors: r-patched-linux-x86_64, r-release-linux-x86_64