Last updated on 2023-12-09 15:52:37 CET.
Flavor | Version | Tinstall | Tcheck | Ttotal | Status | Flags |
---|---|---|---|---|---|---|
r-devel-linux-x86_64-debian-clang | 0.1.2 | 5.61 | 49.03 | 54.64 | NOTE | |
r-devel-linux-x86_64-debian-gcc | 0.1.2 | 4.06 | 36.80 | 40.86 | NOTE | |
r-devel-linux-x86_64-fedora-clang | 0.1.2 | 66.93 | NOTE | |||
r-devel-linux-x86_64-fedora-gcc | 0.1.2 | 62.94 | NOTE | |||
r-devel-windows-x86_64 | 0.1.2 | 7.00 | 59.00 | 66.00 | NOTE | |
r-patched-linux-x86_64 | 0.1.2 | 5.88 | 46.31 | 52.19 | NOTE | |
r-release-linux-x86_64 | 0.1.2 | 4.35 | 46.53 | 50.88 | NOTE | |
r-release-macos-arm64 | 0.1.2 | 26.00 | NOTE | |||
r-release-macos-x86_64 | 0.1.2 | 36.00 | NOTE | |||
r-release-windows-x86_64 | 0.1.2 | 7.00 | 65.00 | 72.00 | NOTE | |
r-oldrel-macos-arm64 | 0.1.2 | 22.00 | NOTE | |||
r-oldrel-macos-x86_64 | 0.1.2 | 49.00 | NOTE | |||
r-oldrel-windows-x86_64 | 0.1.2 | 7.00 | 66.00 | 73.00 | NOTE |
Version: 0.1.2
Check: LazyData
Result: NOTE
'LazyData' is specified without a 'data' directory
Flavors: r-devel-linux-x86_64-debian-clang, r-devel-linux-x86_64-debian-gcc, r-devel-linux-x86_64-fedora-clang, r-devel-linux-x86_64-fedora-gcc, r-devel-windows-x86_64, r-patched-linux-x86_64, r-release-linux-x86_64, r-release-macos-arm64, r-release-macos-x86_64, r-release-windows-x86_64, r-oldrel-macos-arm64, r-oldrel-macos-x86_64, r-oldrel-windows-x86_64