CRAN Package Check Results for Package spp

Last updated on 2019-12-15 17:49:18 CET.

Flavor Version Tinstall Tcheck Ttotal Status Flags
r-devel-linux-x86_64-debian-clang 1.16.0 24.79 48.54 73.33 OK
r-devel-linux-x86_64-debian-gcc 1.16.0 19.70 37.06 56.76 OK
r-devel-linux-x86_64-fedora-clang 1.16.0 105.57 OK
r-devel-linux-x86_64-fedora-gcc 1.16.0 92.22 OK
r-patched-linux-x86_64 1.16.0 19.40 43.73 63.13 OK
r-patched-solaris-x86 1.16.0 97.00 OK
r-release-linux-x86_64 1.16.0 18.40 43.80 62.20 OK
r-release-osx-x86_64 1.16.0 OK
r-oldrel-osx-x86_64 1.16.0 ERROR

Additional issues

rchk

Check Details

Version: 1.16.0
Check: package dependencies
Result: ERROR
    Package required but not available: ‘Rsamtools’
    
    See section ‘The DESCRIPTION file’ in the ‘Writing R Extensions’
    manual.
Flavor: r-oldrel-osx-x86_64