CRAN Package Check Results for Package spreadr

Last updated on 2024-06-14 03:57:37 CEST.

Flavor Version Tinstall Tcheck Ttotal Status Flags
r-devel-linux-x86_64-debian-clang 0.2.0 22.65 55.77 78.42 NOTE
r-devel-linux-x86_64-debian-gcc 0.2.0 0.46 1.76 2.22 ERROR
r-devel-linux-x86_64-fedora-clang 0.2.0 108.20 NOTE
r-devel-linux-x86_64-fedora-gcc 0.2.0 114.79 NOTE
r-devel-windows-x86_64 0.2.0 19.00 77.00 96.00 NOTE
r-patched-linux-x86_64 0.2.0 16.88 54.59 71.47 NOTE
r-release-linux-x86_64 0.2.0 18.48 55.23 73.71 NOTE
r-release-macos-arm64 0.2.0 35.00 NOTE
r-release-macos-x86_64 0.2.0 53.00 NOTE
r-release-windows-x86_64 0.2.0 19.00 80.00 99.00 NOTE
r-oldrel-macos-arm64 0.2.0 38.00 NOTE
r-oldrel-macos-x86_64 0.2.0 50.00 NOTE
r-oldrel-windows-x86_64 0.2.0 23.00 93.00 116.00 NOTE

Check Details

Version: 0.2.0
Check: package subdirectories
Result: NOTE Problems with news in ‘NEWS.md’: Cannot extract version info from the following section titles: updates of 10th May 2021 Flavors: r-devel-linux-x86_64-debian-clang, r-devel-linux-x86_64-fedora-clang, r-devel-linux-x86_64-fedora-gcc, r-devel-windows-x86_64, r-patched-linux-x86_64, r-release-linux-x86_64, r-release-macos-arm64, r-release-macos-x86_64, r-release-windows-x86_64, r-oldrel-macos-arm64, r-oldrel-macos-x86_64, r-oldrel-windows-x86_64

Version: 0.2.0
Check: package dependencies
Result: ERROR Packages required but not available: 'igraph', 'ggplot2' Packages suggested but not available for checking: 'dplyr', 'gganimate', 'ggraph', 'testthat' See section ‘The DESCRIPTION file’ in the ‘Writing R Extensions’ manual. Flavor: r-devel-linux-x86_64-debian-gcc

Version: 0.2.0
Check: dependencies in R code
Result: NOTE Namespaces in Imports field not imported from: ‘extrafont’ ‘ggplot2’ All declared Imports should be used. Flavors: r-devel-linux-x86_64-fedora-clang, r-devel-linux-x86_64-fedora-gcc

Version: 0.2.0
Check: package dependencies
Result: NOTE Package suggested but not available for checking: ‘ggraph’ Flavor: r-oldrel-macos-x86_64