CRAN Package Check Results for Package spsUtil

Last updated on 2021-05-05 23:48:52 CEST.

Flavor Version Tinstall Tcheck Ttotal Status Flags
r-devel-linux-x86_64-debian-clang 0.1.0 2.24 25.43 27.67 NOTE
r-devel-linux-x86_64-debian-gcc 0.1.0 1.94 20.25 22.19 NOTE
r-devel-linux-x86_64-fedora-clang 0.1.2 46.00 OK
r-devel-linux-x86_64-fedora-gcc 0.1.2 45.62 OK
r-devel-windows-ix86+x86_64 0.1.0 4.00 43.00 47.00 NOTE
r-devel-windows-x86_64-gcc10-UCRT 0.1.0 NOTE
r-patched-linux-x86_64 0.1.0 2.54 24.87 27.41 NOTE
r-patched-solaris-x86 0.1.2 52.00 OK
r-release-linux-x86_64 0.1.0 2.69 24.80 27.49 OK
r-release-macos-x86_64 0.1.0 OK
r-release-windows-ix86+x86_64 0.1.0 4.00 32.00 36.00 OK
r-oldrel-macos-x86_64 0.1.0 ERROR

Check Details

Version: 0.1.0
Check: LazyData
Result: NOTE
     'LazyData' is specified without a 'data' directory
Flavors: r-devel-linux-x86_64-debian-clang, r-devel-linux-x86_64-debian-gcc, r-devel-windows-ix86+x86_64, r-devel-windows-x86_64-gcc10-UCRT, r-patched-linux-x86_64

Version: 0.1.0
Check: whether package can be installed
Result: ERROR
    Installation failed.
Flavor: r-oldrel-macos-x86_64