Last updated on 2022-08-17 03:52:16 CEST.
Flavor | Version | Tinstall | Tcheck | Ttotal | Status | Flags |
---|---|---|---|---|---|---|
r-devel-linux-x86_64-debian-clang | 1.1.0 | 5.52 | 50.43 | 55.95 | NOTE | |
r-devel-linux-x86_64-debian-gcc | 1.1.0 | NOTE | ||||
r-devel-linux-x86_64-fedora-clang | 1.1.0 | 78.42 | NOTE | |||
r-devel-linux-x86_64-fedora-gcc | 1.1.0 | 72.74 | NOTE | |||
r-devel-windows-x86_64 | 1.1.0 | 9.00 | 82.00 | 91.00 | NOTE | |
r-patched-linux-x86_64 | 1.1.0 | 8.72 | 45.68 | 54.40 | OK | |
r-release-linux-x86_64 | 1.1.0 | 6.03 | 45.20 | 51.23 | OK | |
r-release-macos-arm64 | 1.1.0 | 24.00 | OK | |||
r-release-macos-x86_64 | 1.1.0 | 34.00 | OK | |||
r-release-windows-x86_64 | 1.1.0 | 19.00 | 82.00 | 101.00 | OK | |
r-oldrel-macos-arm64 | 1.1.0 | 30.00 | OK | |||
r-oldrel-macos-x86_64 | 1.1.0 | 45.00 | OK | |||
r-oldrel-windows-ix86+x86_64 | 1.1.0 | 13.00 | 73.00 | 86.00 | OK |
Version: 1.1.0
Check: Rd files
Result: NOTE
checkRd: (-1) shypEstFun.Rd:52: Escaped LaTeX specials: \$
checkRd: (-1) shypEstFun.Rd:54: Escaped LaTeX specials: \$
Flavors: r-devel-linux-x86_64-debian-clang, r-devel-linux-x86_64-debian-gcc, r-devel-linux-x86_64-fedora-clang, r-devel-linux-x86_64-fedora-gcc, r-devel-windows-x86_64