Last updated on 2023-02-08 02:03:27 CET.
Flavor | Version | Tinstall | Tcheck | Ttotal | Status | Flags |
---|---|---|---|---|---|---|
r-devel-linux-x86_64-debian-clang | 5.4.1 | 36.37 | 439.76 | 476.13 | OK | |
r-devel-linux-x86_64-debian-gcc | 5.4.1 | 27.65 | 313.88 | 341.53 | OK | |
r-devel-linux-x86_64-fedora-clang | 5.4.1 | 564.94 | NOTE | |||
r-devel-linux-x86_64-fedora-gcc | 5.4.1 | 569.37 | OK | |||
r-devel-windows-x86_64 | 5.4.1 | 70.00 | 465.00 | 535.00 | NOTE | |
r-patched-linux-x86_64 | 5.4.1 | 36.04 | 408.71 | 444.75 | OK | |
r-release-linux-x86_64 | 5.4.1 | 26.75 | 407.05 | 433.80 | OK | |
r-release-macos-arm64 | 5.4.1 | 89.00 | NOTE | |||
r-release-macos-x86_64 | 5.4.1 | 177.00 | NOTE | |||
r-release-windows-x86_64 | 5.4.1 | 74.00 | 456.00 | 530.00 | NOTE | |
r-oldrel-macos-arm64 | 5.4.1 | 109.00 | NOTE | |||
r-oldrel-macos-x86_64 | 5.4.1 | 182.00 | NOTE | |||
r-oldrel-windows-ix86+x86_64 | 5.4.1 | 65.00 | 469.00 | 534.00 | NOTE |
Version: 5.4.1
Check: installed package size
Result: NOTE
installed size is 6.9Mb
sub-directories of 1Mb or more:
doc 5.3Mb
Flavors: r-devel-linux-x86_64-fedora-clang, r-devel-windows-x86_64, r-release-macos-arm64, r-release-macos-x86_64, r-release-windows-x86_64, r-oldrel-macos-arm64, r-oldrel-macos-x86_64, r-oldrel-windows-ix86+x86_64