CRAN Package Check Results for Package spsurvey

Last updated on 2022-09-30 11:52:52 CEST.

Flavor Version Tinstall Tcheck Ttotal Status Flags
r-devel-linux-x86_64-debian-clang 5.3.0 32.30 485.87 518.17 OK
r-devel-linux-x86_64-debian-gcc 5.3.0 27.17 339.99 367.16 OK
r-devel-linux-x86_64-fedora-clang 5.3.0 625.78 NOTE
r-devel-linux-x86_64-fedora-gcc 5.3.0 612.95 OK
r-devel-windows-x86_64 5.3.0 76.00 509.00 585.00 NOTE
r-patched-linux-x86_64 5.3.0 29.25 450.30 479.55 OK
r-release-linux-x86_64 5.3.0 29.86 444.56 474.42 OK
r-release-macos-arm64 5.3.0 142.00 NOTE
r-release-macos-x86_64 5.3.0 272.00 NOTE
r-release-windows-x86_64 5.3.0 74.00 505.00 579.00 NOTE
r-oldrel-macos-arm64 5.3.0 174.00 NOTE
r-oldrel-macos-x86_64 5.3.0 196.00 NOTE
r-oldrel-windows-ix86+x86_64 5.3.0 63.00 548.00 611.00 NOTE

Check Details

Version: 5.3.0
Check: installed package size
Result: NOTE
     installed size is 6.8Mb
     sub-directories of 1Mb or more:
     doc 5.3Mb
Flavors: r-devel-linux-x86_64-fedora-clang, r-devel-windows-x86_64, r-release-macos-arm64, r-release-macos-x86_64, r-release-windows-x86_64, r-oldrel-macos-arm64, r-oldrel-macos-x86_64, r-oldrel-windows-ix86+x86_64