CRAN Package Check Results for Package sptotal

Last updated on 2021-08-04 23:49:47 CEST.

Flavor Version Tinstall Tcheck Ttotal Status Flags
r-devel-linux-x86_64-debian-clang 1.0.0 6.28 108.28 114.56 OK
r-devel-linux-x86_64-debian-gcc 1.0.0 5.26 81.11 86.37 OK
r-devel-linux-x86_64-fedora-clang 1.0.0 143.82 NOTE
r-devel-linux-x86_64-fedora-gcc 1.0.0 138.43 NOTE
r-devel-windows-x86_64 1.0.0 10.00 141.00 151.00 OK
r-devel-windows-x86_64-gcc10-UCRT 1.0.0 NOTE
r-patched-linux-x86_64 1.0.0 6.14 101.17 107.31 OK
r-patched-solaris-x86 1.0.0 248.80 NOTE
r-release-linux-x86_64 1.0.0 5.23 101.49 106.72 OK
r-release-macos-arm64 1.0.0 WARN
r-release-macos-x86_64 1.0.0 NOTE
r-release-windows-ix86+x86_64 1.0.0 15.00 142.00 157.00 OK
r-oldrel-macos-x86_64 1.0.0 NOTE
r-oldrel-windows-ix86+x86_64 1.0.0 16.00 142.00 158.00 OK

Check Details

Version: 1.0.0
Check: dependencies in R code
Result: NOTE
    Namespace in Imports field not imported from: ‘sp’
     All declared Imports should be used.
Flavors: r-devel-linux-x86_64-fedora-clang, r-devel-linux-x86_64-fedora-gcc, r-devel-windows-x86_64-gcc10-UCRT, r-patched-solaris-x86, r-release-macos-arm64, r-release-macos-x86_64, r-oldrel-macos-x86_64

Version: 1.0.0
Check: re-building of vignette outputs
Result: WARN
    Error(s) in re-building vignettes:
     ...
    --- re-building ‘sptotal-vignette.Rmd’ using rmarkdown
    Warning in engine$weave(file, quiet = quiet, encoding = enc) :
     Pandoc (>= 1.12.3) not available. Falling back to R Markdown v1.
    Loading required package: ggplot2
    Quitting from lines 153-157 (sptotal-vignette.Rmd)
    Error: processing vignette 'sptotal-vignette.Rmd' failed with diagnostics:
    polygon edge not found
    --- failed re-building ‘sptotal-vignette.Rmd’
    
    SUMMARY: processing the following file failed:
     ‘sptotal-vignette.Rmd’
    
    Error: Vignette re-building failed.
    Execution halted
Flavor: r-release-macos-arm64