CRAN Package Check Results for Package sptotal

Last updated on 2020-12-05 06:51:05 CET.

Flavor Version Tinstall Tcheck Ttotal Status Flags
r-devel-linux-x86_64-debian-clang 0.1.0 6.99 96.76 103.75 OK
r-devel-linux-x86_64-debian-gcc 0.1.0 5.45 72.04 77.49 OK
r-devel-linux-x86_64-fedora-clang 0.1.0 124.73 NOTE
r-devel-linux-x86_64-fedora-gcc 0.1.0 126.55 NOTE
r-devel-windows-ix86+x86_64 0.1.0 8.00 139.00 147.00 OK
r-patched-linux-x86_64 0.1.0 6.58 91.00 97.58 OK
r-patched-solaris-x86 0.1.0 231.50 NOTE
r-release-linux-x86_64 0.1.0 6.02 90.80 96.82 OK
r-release-macos-x86_64 0.1.0 NOTE
r-release-windows-ix86+x86_64 0.1.0 9.00 123.00 132.00 OK
r-oldrel-macos-x86_64 0.1.0 NOTE
r-oldrel-windows-ix86+x86_64 0.1.0 10.00 120.00 130.00 OK

Check Details

Version: 0.1.0
Check: dependencies in R code
Result: NOTE
    Namespaces in Imports field not imported from:
     ‘matrixcalc’ ‘mvtnorm’ ‘sp’
     All declared Imports should be used.
Flavors: r-devel-linux-x86_64-fedora-clang, r-devel-linux-x86_64-fedora-gcc, r-patched-solaris-x86, r-release-macos-x86_64, r-oldrel-macos-x86_64