CRAN Package Check Results for Package spup

Last updated on 2019-03-23 17:48:23 CET.

Flavor Version Tinstall Tcheck Ttotal Status Flags
r-devel-linux-x86_64-debian-clang 1.3-1 9.97 156.15 166.12 OK
r-devel-linux-x86_64-debian-gcc 1.3-1 7.77 121.74 129.51 OK
r-devel-linux-x86_64-fedora-clang 1.3-1 200.22 OK
r-devel-linux-x86_64-fedora-gcc 1.3-1 198.81 OK
r-devel-windows-ix86+x86_64 1.3-1 27.00 214.00 241.00 OK
r-patched-linux-x86_64 1.3-1 6.56 149.74 156.30 OK
r-patched-solaris-x86 1.3-1 281.20 OK
r-release-linux-x86_64 1.3-1 0.61 2.96 3.57 ERROR
r-release-windows-ix86+x86_64 1.3-1 11.00 161.00 172.00 OK
r-release-osx-x86_64 1.3-1 OK
r-oldrel-windows-ix86+x86_64 1.3-1 17.00 231.00 248.00 OK
r-oldrel-osx-x86_64 1.3-1 OK

Check Details

Version: 1.3-1
Check: whether package can be installed
Result: ERROR
    Installation failed.
Flavor: r-release-linux-x86_64