CRAN Package Check Results for Package sqliteutils

Last updated on 2022-01-26 09:49:55 CET.

Flavor Version Tinstall Tcheck Ttotal Status Flags
r-devel-linux-x86_64-debian-clang 0.1.0 2.04 34.55 36.59 OK
r-devel-linux-x86_64-debian-gcc 0.1.0 1.59 26.70 28.29 OK
r-devel-linux-x86_64-fedora-clang 0.1.0 43.94 NOTE
r-devel-linux-x86_64-fedora-gcc 0.1.0 32.72 NOTE
r-devel-windows-x86_64-new-UL 0.1.0 30.00 52.00 82.00 OK
r-devel-windows-x86_64-new-TK 0.1.0 NOTE
r-patched-linux-x86_64 0.1.0 1.99 32.26 34.25 OK
r-release-linux-x86_64 0.1.0 1.92 31.89 33.81 OK
r-release-macos-arm64 0.1.0 NOTE
r-release-macos-x86_64 0.1.0 NOTE
r-release-windows-ix86+x86_64 0.1.0 5.00 41.00 46.00 OK
r-oldrel-macos-x86_64 0.1.0 NOTE
r-oldrel-windows-ix86+x86_64 0.1.0 4.00 42.00 46.00 OK

Check Details

Version: 0.1.0
Check: dependencies in R code
Result: NOTE
    Namespaces in Imports field not imported from:
     ‘DBI’ ‘RSQLite’ ‘dbplyr’ ‘dplyr’
     All declared Imports should be used.
Flavors: r-devel-linux-x86_64-fedora-clang, r-devel-linux-x86_64-fedora-gcc, r-devel-windows-x86_64-new-TK, r-release-macos-arm64, r-release-macos-x86_64, r-oldrel-macos-x86_64