CRAN Package Check Results for Package squashinformr

Last updated on 2020-09-30 21:49:30 CEST.

Flavor Version Tinstall Tcheck Ttotal Status Flags
r-devel-linux-x86_64-debian-clang 0.1.2 15.98 120.14 136.12 OK
r-devel-linux-x86_64-debian-gcc 0.1.2 14.16 87.93 102.09 OK
r-devel-linux-x86_64-fedora-clang 0.1.2 172.25 NOTE
r-devel-linux-x86_64-fedora-gcc 0.1.2 166.37 NOTE
r-devel-windows-ix86+x86_64 0.1.2 40.00 109.00 149.00 OK
r-patched-linux-x86_64 0.1.2 14.22 108.51 122.73 OK
r-patched-solaris-x86 0.1.2 225.40 NOTE
r-release-linux-x86_64 0.1.2 15.80 107.19 122.99 OK
r-release-macos-x86_64 0.1.2 NOTE
r-release-windows-ix86+x86_64 0.1.2 37.00 162.00 199.00 OK
r-oldrel-macos-x86_64 0.1.2 NOTE
r-oldrel-windows-ix86+x86_64 0.1.2 31.00 140.00 171.00 OK

Check Details

Version: 0.1.2
Check: dependencies in R code
Result: NOTE
    Namespace in Imports field not imported from: ‘xml2’
     All declared Imports should be used.
Flavors: r-devel-linux-x86_64-fedora-clang, r-devel-linux-x86_64-fedora-gcc, r-patched-solaris-x86, r-release-macos-x86_64, r-oldrel-macos-x86_64