Last updated on 2023-12-10 21:49:29 CET.
Flavor | Version | Tinstall | Tcheck | Ttotal | Status | Flags |
---|---|---|---|---|---|---|
r-devel-linux-x86_64-debian-clang | 0.2.1 | 126.37 | 193.96 | 320.33 | WARN | |
r-devel-linux-x86_64-debian-gcc | 0.2.1 | 88.68 | 146.66 | 235.34 | OK | |
r-devel-linux-x86_64-fedora-clang | 0.2.1 | 447.41 | WARN | |||
r-devel-linux-x86_64-fedora-gcc | 0.2.1 | 469.82 | OK | |||
r-devel-windows-x86_64 | 0.2.1 | 95.00 | 192.00 | 287.00 | OK | |
r-patched-linux-x86_64 | 0.2.1 | 103.38 | 190.35 | 293.73 | OK | |
r-release-linux-x86_64 | 0.2.1 | 86.67 | 186.36 | 273.03 | OK | |
r-release-macos-arm64 | 0.2.1 | 94.00 | NOTE | |||
r-release-macos-x86_64 | 0.2.1 | 191.00 | NOTE | |||
r-release-windows-x86_64 | 0.2.1 | 122.00 | 250.00 | 372.00 | OK | |
r-oldrel-macos-arm64 | 0.2.1 | 105.00 | NOTE | |||
r-oldrel-macos-x86_64 | 0.2.1 | 140.00 | NOTE | |||
r-oldrel-windows-x86_64 | 0.2.1 | 113.00 | 243.00 | 356.00 | OK |
Version: 0.2.1
Check: whether package can be installed
Result: WARN
Found the following significant warnings:
RcppExports.cpp:51:18: warning: format string is not a string literal (potentially insecure) [-Wformat-security]
RcppExports.cpp:89:18: warning: format string is not a string literal (potentially insecure) [-Wformat-security]
RcppExports.cpp:123:18: warning: format string is not a string literal (potentially insecure) [-Wformat-security]
RcppExports.cpp:370:18: warning: format string is not a string literal (potentially insecure) [-Wformat-security]
RcppExports.cpp:406:18: warning: format string is not a string literal (potentially insecure) [-Wformat-security]
See ‘/home/hornik/tmp/R.check/r-devel-clang/Work/PKGS/squat.Rcheck/00install.out’ for details.
* used C++ compiler: ‘Debian clang version 17.0.5 (1)’
Flavor: r-devel-linux-x86_64-debian-clang
Version: 0.2.1
Check: whether package can be installed
Result: WARN
Found the following significant warnings:
RcppExports.cpp:51:18: warning: format string is not a string literal (potentially insecure) [-Wformat-security]
RcppExports.cpp:89:18: warning: format string is not a string literal (potentially insecure) [-Wformat-security]
RcppExports.cpp:123:18: warning: format string is not a string literal (potentially insecure) [-Wformat-security]
RcppExports.cpp:370:18: warning: format string is not a string literal (potentially insecure) [-Wformat-security]
RcppExports.cpp:406:18: warning: format string is not a string literal (potentially insecure) [-Wformat-security]
See ‘/data/gannet/ripley/R/packages/tests-clang/squat.Rcheck/00install.out’ for details.
* used C++ compiler: ‘clang version 17.0.5’
Flavor: r-devel-linux-x86_64-fedora-clang
Version: 0.2.1
Check: installed package size
Result: NOTE
installed size is 12.4Mb
sub-directories of 1Mb or more:
data 1.1Mb
help 1.1Mb
libs 10.0Mb
Flavors: r-release-macos-arm64, r-release-macos-x86_64, r-oldrel-macos-arm64, r-oldrel-macos-x86_64