CRAN Package Check Results for Package srcr

Last updated on 2021-09-27 08:49:51 CEST.

Flavor Version Tinstall Tcheck Ttotal Status Flags
r-devel-linux-x86_64-debian-clang 1.0.0 4.86 42.57 47.43 NOTE
r-devel-linux-x86_64-debian-gcc 1.0.0 3.64 32.22 35.86 NOTE
r-devel-linux-x86_64-fedora-clang 1.0.0 65.71 NOTE
r-devel-linux-x86_64-fedora-gcc 1.0.0 56.93 NOTE
r-devel-windows-x86_64 1.0.0 6.00 48.00 54.00 NOTE
r-devel-windows-x86_64-gcc10-UCRT 1.0.0 NOTE
r-patched-linux-x86_64 1.0.0 4.66 39.19 43.85 NOTE
r-patched-solaris-x86 1.0.0 79.50 NOTE
r-release-linux-x86_64 1.0.0 4.70 40.26 44.96 NOTE
r-release-macos-arm64 1.0.0 NOTE
r-release-macos-x86_64 1.0.0 NOTE
r-release-windows-ix86+x86_64 1.0.0 11.00 46.00 57.00 NOTE
r-oldrel-macos-x86_64 1.0.0 OK
r-oldrel-windows-ix86+x86_64 1.0.0 9.00 47.00 56.00 OK

Check Details

Version: 1.0.0
Check: LazyData
Result: NOTE
     'LazyData' is specified without a 'data' directory
Flavors: r-devel-linux-x86_64-debian-clang, r-devel-linux-x86_64-debian-gcc, r-devel-linux-x86_64-fedora-clang, r-devel-linux-x86_64-fedora-gcc, r-devel-windows-x86_64, r-devel-windows-x86_64-gcc10-UCRT, r-patched-linux-x86_64, r-patched-solaris-x86, r-release-linux-x86_64, r-release-macos-arm64, r-release-macos-x86_64, r-release-windows-ix86+x86_64