CRAN Package Check Results for Package ss3sim

Last updated on 2021-07-25 06:49:54 CEST.

Flavor Version Tinstall Tcheck Ttotal Status Flags
r-devel-linux-x86_64-debian-clang 1.0.3 18.04 163.70 181.74 OK
r-devel-linux-x86_64-debian-gcc 1.0.3 14.63 122.25 136.88 OK
r-devel-linux-x86_64-fedora-clang 1.0.3 222.96 NOTE
r-devel-linux-x86_64-fedora-gcc 1.0.3 214.22 OK
r-devel-windows-x86_64 1.0.3 20.00 144.00 164.00 OK
r-devel-windows-x86_64-gcc10-UCRT 1.0.3 OK
r-patched-linux-x86_64 1.0.3 18.73 152.73 171.46 OK
r-patched-solaris-x86 1.0.3 285.30 OK
r-release-linux-x86_64 1.0.3 16.81 152.80 169.61 OK
r-release-macos-arm64 1.0.3 OK
r-release-macos-x86_64 1.0.3 OK
r-release-windows-ix86+x86_64 1.0.3 37.00 155.00 192.00 OK
r-oldrel-macos-x86_64 1.0.3 OK
r-oldrel-windows-ix86+x86_64 1.0.3 44.00 187.00 231.00 OK

Check Details

Version: 1.0.3
Check: Rd cross-references
Result: NOTE
    Undeclared package ‘plyr’ in Rd xrefs
Flavor: r-devel-linux-x86_64-fedora-clang