CRAN Package Check Results for Package ssMousetrack

Last updated on 2021-10-27 15:52:07 CEST.

Flavor Version Tinstall Tcheck Ttotal Status Flags
r-devel-linux-x86_64-debian-clang 1.1.5 485.85 106.50 592.35 NOTE
r-devel-linux-x86_64-debian-gcc 1.1.5 404.26 99.51 503.77 NOTE
r-devel-linux-x86_64-fedora-clang 1.1.5 918.50 NOTE
r-devel-linux-x86_64-fedora-gcc 1.1.5 902.12 NOTE
r-devel-windows-x86_64 1.1.5 550.00 126.00 676.00 NOTE
r-devel-windows-x86_64-gcc10-UCRT 1.1.5 NOTE
r-patched-linux-x86_64 1.1.5 445.24 123.38 568.62 NOTE
r-patched-solaris-x86 1.1.5 810.80 NOTE
r-release-linux-x86_64 1.1.5 453.76 122.55 576.31 NOTE
r-release-macos-arm64 1.1.5 NOTE
r-release-macos-x86_64 1.1.5 NOTE
r-release-windows-ix86+x86_64 1.1.5 768.00 252.00 1020.00 NOTE
r-oldrel-macos-x86_64 1.1.5 NOTE
r-oldrel-windows-ix86+x86_64 1.1.5 1095.00 255.00 1350.00 NOTE

Check Details

Version: 1.1.5
Check: for GNU extensions in Makefiles
Result: NOTE
    GNU make is a SystemRequirements.
Flavors: r-devel-linux-x86_64-debian-clang, r-devel-linux-x86_64-debian-gcc, r-devel-linux-x86_64-fedora-clang, r-devel-linux-x86_64-fedora-gcc, r-devel-windows-x86_64, r-devel-windows-x86_64-gcc10-UCRT, r-patched-linux-x86_64, r-patched-solaris-x86, r-release-linux-x86_64, r-release-macos-arm64, r-release-macos-x86_64, r-release-windows-ix86+x86_64, r-oldrel-macos-x86_64, r-oldrel-windows-ix86+x86_64

Version: 1.1.5
Check: installed package size
Result: NOTE
     installed size is 70.8Mb
     sub-directories of 1Mb or more:
     libs 70.4Mb
Flavors: r-devel-linux-x86_64-fedora-clang, r-release-macos-arm64, r-release-macos-x86_64, r-release-windows-ix86+x86_64, r-oldrel-macos-x86_64, r-oldrel-windows-ix86+x86_64

Version: 1.1.5
Check: line endings in C/C++/Fortran sources/headers
Result: NOTE
    Found the following sources/headers with CR or CRLF line endings:
     src/stan_files/fit_model_gomp.hpp
     src/stan_files/fit_model_log.hpp
     src/stan_files/simulate_data_gomp.hpp
     src/stan_files/simulate_data_log.hpp
    Some Unix compilers require LF line endings.
Flavor: r-devel-windows-x86_64-gcc10-UCRT